{"id":1484,"date":"2022-02-02T02:36:50","date_gmt":"2022-02-02T00:36:50","guid":{"rendered":"http:\/\/margot-fischer.net\/?page_id=1484"},"modified":"2022-09-25T22:32:29","modified_gmt":"2022-09-25T20:32:29","slug":"bananenschale-kandiert","status":"publish","type":"page","link":"http:\/\/margot-fischer.net\/?page_id=1484","title":{"rendered":"Bananenschale kandiert"},"content":{"rendered":"\n<figure class=\"wp-block-image size-large\"><img decoding=\"async\" loading=\"lazy\" width=\"1024\" height=\"588\" src=\"http:\/\/margot-fischer.net\/wp-content\/uploads\/2022\/02\/Bananenschale-kandieren-1024x588.jpg\" alt=\"\" class=\"wp-image-1485\" srcset=\"http:\/\/margot-fischer.net\/wp-content\/uploads\/2022\/02\/Bananenschale-kandieren-1024x588.jpg 1024w, http:\/\/margot-fischer.net\/wp-content\/uploads\/2022\/02\/Bananenschale-kandieren-300x172.jpg 300w, http:\/\/margot-fischer.net\/wp-content\/uploads\/2022\/02\/Bananenschale-kandieren-768x441.jpg 768w, http:\/\/margot-fischer.net\/wp-content\/uploads\/2022\/02\/Bananenschale-kandieren-1536x882.jpg 1536w, http:\/\/margot-fischer.net\/wp-content\/uploads\/2022\/02\/Bananenschale-kandieren-2048x1177.jpg 2048w, http:\/\/margot-fischer.net\/wp-content\/uploads\/2022\/02\/Bananenschale-kandieren-500x287.jpg 500w\" sizes=\"(max-width: 1024px) 100vw, 1024px\" \/><\/figure>\n\n\n\n<p><span style=\"color:#46980f\" class=\"has-inline-color\"><strong>GENIESSEN STATT WEGWERFEN<\/strong><\/span><\/p>\n\n\n\n<p><em><span style=\"color:#eb9412\" class=\"has-inline-color\">Das feine Aroma von Biobananen l\u00e4sst sich ganz leicht einfangen und f\u00fcr Desserts ebenso verwenden wie f\u00fcr interessante pikante Kombinationen, z. B. mit Salat, gebratenem Gem\u00fcse, H\u00fclsenfr\u00fcchten, Tofu, Seitan, K\u00e4se, Fisch und hellem Fleisch.  <\/span><\/em><\/p>\n\n\n\n<p><span style=\"color:#218cba\" class=\"has-inline-color\">Wer anfallende Schalen nicht sofort verwenden kann oder eine gr\u00f6\u00dfere Menge sammeln m\u00f6chte, lagert sie bis zur Zubereitung im Tiefk\u00fchlfach.<\/span><\/p>\n\n\n\n<p>Pro Schale 3 Essl\u00f6ffel Zucker mit 3 EL Wasser und einem St\u00fcck Biozitrone aufkochen, bis Blasen entstehen. In der Zwischenzeit die Bananenschale in beliebige St\u00fcckchen schneiden, danach 4 Minuten in der Zuckerl\u00f6sung kochen. In kleine Schraubgl\u00e4ser f\u00fcllen. Gut verschlossen k\u00fchl und dunkel gelagert halten die Schalen ihr Aroma ein Jahr.<\/p>\n\n\n\n<p>#MyWorldOurPlanet #EUClimatePact<\/p>\n","protected":false},"excerpt":{"rendered":"<p>GENIESSEN STATT WEGWERFEN Das feine Aroma von Biobananen l\u00e4sst sich ganz leicht einfangen und f\u00fcr Desserts ebenso verwenden wie f\u00fcr interessante pikante Kombinationen, z. B. mit Salat, gebratenem Gem\u00fcse, H\u00fclsenfr\u00fcchten, Tofu, Seitan, K\u00e4se, Fisch und hellem Fleisch. Wer anfallende Schalen &hellip; <a href=\"http:\/\/margot-fischer.net\/?page_id=1484\">Weiterlesen <span class=\"meta-nav\">&rarr;<\/span><\/a><\/p>\n","protected":false},"author":1,"featured_media":0,"parent":1403,"menu_order":0,"comment_status":"closed","ping_status":"closed","template":"","meta":[],"_links":{"self":[{"href":"http:\/\/margot-fischer.net\/index.php?rest_route=\/wp\/v2\/pages\/1484"}],"collection":[{"href":"http:\/\/margot-fischer.net\/index.php?rest_route=\/wp\/v2\/pages"}],"about":[{"href":"http:\/\/margot-fischer.net\/index.php?rest_route=\/wp\/v2\/types\/page"}],"author":[{"embeddable":true,"href":"http:\/\/margot-fischer.net\/index.php?rest_route=\/wp\/v2\/users\/1"}],"replies":[{"embeddable":true,"href":"http:\/\/margot-fischer.net\/index.php?rest_route=%2Fwp%2Fv2%2Fcomments&post=1484"}],"version-history":[{"count":5,"href":"http:\/\/margot-fischer.net\/index.php?rest_route=\/wp\/v2\/pages\/1484\/revisions"}],"predecessor-version":[{"id":1682,"href":"http:\/\/margot-fischer.net\/index.php?rest_route=\/wp\/v2\/pages\/1484\/revisions\/1682"}],"up":[{"embeddable":true,"href":"http:\/\/margot-fischer.net\/index.php?rest_route=\/wp\/v2\/pages\/1403"}],"wp:attachment":[{"href":"http:\/\/margot-fischer.net\/index.php?rest_route=%2Fwp%2Fv2%2Fmedia&parent=1484"}],"curies":[{"name":"wp","href":"https:\/\/api.w.org\/{rel}","templated":true}]}}