{"id":164,"date":"2012-10-15T13:45:03","date_gmt":"2012-10-15T11:45:03","guid":{"rendered":"http:\/\/margot-fischer.net\/?page_id=164"},"modified":"2012-11-22T18:25:47","modified_gmt":"2012-11-22T16:25:47","slug":"mohnrahmschmarrn-mit-marillenroster","status":"publish","type":"page","link":"https:\/\/margot-fischer.net\/?page_id=164","title":{"rendered":"Mohnrahmschmarrn mit Marillenr\u00f6ster"},"content":{"rendered":"<p>f\u00fcr 4 Personen<\/p>\n<p>300 g Marillen<br \/>\n40 g Zucker<br \/>\nEtwas unbehandelte Orangenschale<br \/>\n6 cL Marillenlik\u00f6r<\/p>\n<p>Die Marillen entkernen und in St\u00fccke schneiden. Mit dem Zucker 20 Minuten stehen lassen. Die Marillen etwa 5 Minuten kochen. Nach dem Abk\u00fchlen mit Orangenschale und Lik\u00f6r mischen.<\/p>\n<p>500 g Sauerrahm<br \/>\n4 Eier<br \/>\n1 Prise Salz<br \/>\nVanille<br \/>\nEtwas unbehandelte Zitronenschale<br \/>\n90 g Zucker<br \/>\n140 g Mehl<br \/>\n50 g Mohn<\/p>\n<p>Das Backrohr auf 180\u00b0C vorheizen.<br \/>\nDen Sauerrahm mit Dotter, Salz, Vanille und Zitronenschale mischen.<br \/>\nEiklar mit Zucker zu einem cremigen Schnee schlagen.<br \/>\nMehl und Mohn abwechselnd mit dem Schnee unter die Sauerrahmmasse heben.<br \/>\nIn einer schweren Pfanne die Butter erhitzen, die Schmarrnmasse hineingie\u00dfen und etwas anbraten.<br \/>\nDie Pfanne ins Rohr stellen und den Schmarrn backen, bis die Unterseite goldbraun ist. Den Teig wenden und die zweite Seite ebenfalls goldbraun backen.<br \/>\nDie Pfanne aus dem Rohr nehmen und den Schmarrn mit zwei Gabeln zerzupfen. <\/p>\n<p>Den Schmarrn mit dem Marillenr\u00f6ster sofort servieren.<\/p>\n<p>Anstelle des Marillenr\u00f6sters passt auch Birnenkompott, Zwetschkenr\u00f6ster oder Apfelmus.<\/p>\n","protected":false},"excerpt":{"rendered":"<p>f\u00fcr 4 Personen 300 g Marillen 40 g Zucker Etwas unbehandelte Orangenschale 6 cL Marillenlik\u00f6r Die Marillen entkernen und in St\u00fccke schneiden. Mit dem Zucker 20 Minuten stehen lassen. Die Marillen etwa 5 Minuten kochen. Nach dem Abk\u00fchlen mit Orangenschale &hellip; <a href=\"https:\/\/margot-fischer.net\/?page_id=164\">Weiterlesen <span class=\"meta-nav\">&rarr;<\/span><\/a><\/p>\n","protected":false},"author":1,"featured_media":0,"parent":156,"menu_order":0,"comment_status":"closed","ping_status":"open","template":"","meta":[],"_links":{"self":[{"href":"https:\/\/margot-fischer.net\/index.php?rest_route=\/wp\/v2\/pages\/164"}],"collection":[{"href":"https:\/\/margot-fischer.net\/index.php?rest_route=\/wp\/v2\/pages"}],"about":[{"href":"https:\/\/margot-fischer.net\/index.php?rest_route=\/wp\/v2\/types\/page"}],"author":[{"embeddable":true,"href":"https:\/\/margot-fischer.net\/index.php?rest_route=\/wp\/v2\/users\/1"}],"replies":[{"embeddable":true,"href":"https:\/\/margot-fischer.net\/index.php?rest_route=%2Fwp%2Fv2%2Fcomments&post=164"}],"version-history":[{"count":3,"href":"https:\/\/margot-fischer.net\/index.php?rest_route=\/wp\/v2\/pages\/164\/revisions"}],"predecessor-version":[{"id":166,"href":"https:\/\/margot-fischer.net\/index.php?rest_route=\/wp\/v2\/pages\/164\/revisions\/166"}],"up":[{"embeddable":true,"href":"https:\/\/margot-fischer.net\/index.php?rest_route=\/wp\/v2\/pages\/156"}],"wp:attachment":[{"href":"https:\/\/margot-fischer.net\/index.php?rest_route=%2Fwp%2Fv2%2Fmedia&parent=164"}],"curies":[{"name":"wp","href":"https:\/\/api.w.org\/{rel}","templated":true}]}}