{"id":1688,"date":"2022-09-25T22:41:14","date_gmt":"2022-09-25T20:41:14","guid":{"rendered":"http:\/\/margot-fischer.net\/?page_id=1688"},"modified":"2022-09-25T22:45:06","modified_gmt":"2022-09-25T20:45:06","slug":"banane","status":"publish","type":"page","link":"https:\/\/margot-fischer.net\/?page_id=1688","title":{"rendered":"Banane"},"content":{"rendered":"\n<p><span style=\"color:#7f00a3\" class=\"has-inline-color\">Frisch aus der Druckerpresse! <\/span><\/p>\n\n\n\n<p><span style=\"color:#7f00a3\" class=\"has-inline-color\">Sich selbst beschenken \u2013 Freunde erfreuen<\/span>!<\/p>\n\n\n\n<p><span style=\"color:#d1a91a\" class=\"has-inline-color\"><strong>\u00bbAusgerechnet Bananen verlangt sie von mir!\u00ab, beklagt ein Schlagertext der 1920er-Jahre. Kein Wunder, ist die Banane doch eine ideale Projektionsfl\u00e4che exotischer und erotischer Wunschtr\u00e4ume. <\/strong><\/span><\/p>\n\n\n\n<p><span style=\"color:#d1a91a\" class=\"has-inline-color\"><strong>Die Banane kann allerdings viel mehr. Erfahren Sie unter anderem, warum man die Fr\u00fcchte nicht vom Stielansatz her sch\u00e4len sollte, wieso auch unreife Bananen gesund sind und was sich alles mit Bananenschalen anstellen l\u00e4sst, ohne jemanden zu Fall zu bringen.<\/strong><\/span><\/p>\n\n\n\n<figure class=\"wp-block-image size-large\"><img decoding=\"async\" loading=\"lazy\" width=\"260\" height=\"448\" src=\"http:\/\/margot-fischer.net\/wp-content\/uploads\/2022\/09\/Banane-WEB-1.jpg\" alt=\"\" class=\"wp-image-1689\" srcset=\"https:\/\/margot-fischer.net\/wp-content\/uploads\/2022\/09\/Banane-WEB-1.jpg 260w, https:\/\/margot-fischer.net\/wp-content\/uploads\/2022\/09\/Banane-WEB-1-174x300.jpg 174w\" sizes=\"(max-width: 260px) 100vw, 260px\" \/><\/figure>\n\n\n\n<h1><span style=\"color:#6500a3\" class=\"has-inline-color\">Ausgew\u00e4hlte weiterf\u00fchrende Literatur<\/span><\/h1>\n\n\n\n<p>Handbook of Banana Production, Postharvest Science, Processing Technology, and Nutrition 2020.<\/p>\n\n\n\n<p>Exploring the Potentials of Banana (Musa Sapietum) Peels in Feed Formulation (2018). In: <em>International Journal of Advanced Research in Chemical Science <\/em>5 (5).<\/p>\n\n\n\n<p>Ado Ahmad, Bashir; Abdullahi Zakariyya, Umar; Abubakar, Mujaheed; Muhammad Sani, Musbahu; Adam Ahmad, Musbahu (2020): Pharmacological Activities of Banana. In: Afam I. O. Jideani und Tonna A. Anyasi (Hg.): Banana Nutrition &#8211; Function and Processing Kinetics: IntechOpen.<\/p>\n\n\n\n<p>Ahmed, Jasim; Lobo, Maria G.; Siddiq, Muhammad: Handbook of banana production, postharvest science, processing technology, and nutrition.<\/p>\n\n\n\n<p>Alaa El-Din, G.; Amer, A. A.; Malsh, G.; Hussein, M. (2018): Study on the use of banana peels for oil spill removal. In: <em>Alexandria Engineering Journal <\/em>57 (3), S. 2061\u20132068. DOI: 10.1016\/j.aej.2017.05.020.<\/p>\n\n\n\n<p>Albarelli, Juliana Q.; Rabelo, Rodrigo B.; Santos, Diego T.; Beppu, Marisa M.; Meireles, M. Angela A. (2011): Effects of supercritical carbon dioxide on waste banana peels for heavy metal removal. In: <em>The Journal of Supercritical Fluids <\/em>58 (3), S. 343\u2013351. DOI: 10.1016\/j.supflu.2011.07.014.<\/p>\n\n\n\n<p>Amin, M. T.; Alazba, A. A.; Shafiq, M. (2018): Removal of Copper and Lead using Banana Biochar in Batch Adsorption Systems: Isotherms and Kinetic Studies. In: <em>Arab J Sci Eng <\/em>43 (11), S. 5711\u20135722. DOI: 10.1007\/s13369-017-2934-z.<\/p>\n\n\n\n<p>Anal, Anil Kumar; Jaisanti, Sirorat; Noomhorm, Athapol (2014): Enhanced yield of phenolic extracts from banana peels (Musa acuminata Colla AAA) and cinnamon barks (Cinnamomum varum) and their antioxidative potentials in fish oil. In: <em>J Food Sci Technol <\/em>51 (10), S. 2632\u20132639. DOI: 10.1007\/s13197-012-0793-x.<\/p>\n\n\n\n<p>Anastopoulos, Ioannis; Omirou, Michalis; Stephanou, Coralea; Oulas, Anastasios; Vasiliades, Michalis A.; Efstathiou, Angelos M.; Ioannides, Ioannis M. (2019): Valorization of agricultural wastes could improve soil fertility and mitigate soil direct N2O emissions. In: <em>Journal of Environmental Management <\/em>250, S. 109389. DOI: 10.1016\/j.jenvman.2019.109389.<\/p>\n\n\n\n<p>Bediako, John Kwame; Sarkar, Amit Kumar; Lin, Shuo; Zhao, Yufeng; Song, Myung-Hee; Choi, Jong-Won et al. (2019): Characterization of the residual biochemical components of sequentially extracted banana peel biomasses and their environmental remediation applications. In: <em>Waste Management <\/em>89 (1), S. 141\u2013153. DOI: 10.1016\/j.wasman.2019.04.009.<\/p>\n\n\n\n<p>Board of Trustees of the Royal Botanic Gardens Kew (Hg.) (2018): World Checklist of Selected Plant Families. Royal Botanic Gardens Kew. Kew.<\/p>\n\n\n\n<p>B\u00fcnemann, E. K.; Schwenke, G. D.; van Zwieten, L. (2006): Impact of agricultural inputs on soil organisms\u2014a review. In: <em>Soil Res. <\/em>44 (4), S. 379. DOI: 10.1071\/SR05125.<\/p>\n\n\n\n<p>Central Intelligence Agency: The World Fact Book. Hg. v. CIA. CIA, zuletzt gepr\u00fcft am 19.04.2022.<\/p>\n\n\n\n<p>Chen, Jian-Feng (2017): Green Chemical Engineering. In: <em>Engineering <\/em>3 (3), S. 283\u2013284. DOI: 10.1016\/J.ENG.2017.03.025.<\/p>\n\n\n\n<p>De Langhe, E; Vrydaghs, L; de Maret, P; Perrier, X; Denham, T (2009): Why bananas matter. An introduction to the history of banana domestication. In: <em>Ethobotany Research and Applications <\/em>7, S. 165\u2013177.<\/p>\n\n\n\n<p>El Barnossi, Azeddin; Moussaid, Fatimazhrae; Iraqi Housseini, Abdelilah (2021): Tangerine, banana and pomegranate peels valorisation for sustainable environment: A review. In: <em>Biotechnology Reports <\/em>29, S. e00574. DOI: 10.1016\/j.btre.2020.e00574.<\/p>\n\n\n\n<p>Fairtrade Max Havelaar Stiftung (2022): Fairtrade-Bananen. So funktioniert der faire Handel. Online verf\u00fcgbar unter https:\/\/www.fairtrademaxhavelaar.ch\/produkte\/produktkategorien\/bananen, zuletzt aktualisiert am 2022, zuletzt gepr\u00fcft am 19.04.2022.<\/p>\n\n\n\n<p>Fairtrade \u00d6sterreich (2022): 20 Jahre Fairtrade-Banane in \u00d6sterreich. Fairtrade \u00d6sterreich. Online verf\u00fcgbar unter https:\/\/www.fairtrade.at\/newsroom\/presse\/pressemitteilungen\/details\/20-jahre-fairtrade-banane-in-oesterreich-7574, zuletzt gepr\u00fcft am 19.04.2022.<\/p>\n\n\n\n<p>Faitrade Deutschland (2022): Aktuelles:&nbsp;Faitrade-Bananen in Deutschland. Online verf\u00fcgbar unter https:\/\/www.fairtrade-deutschland.de\/produkte\/bananen\/hintergrund-fairtrade-bananen, zuletzt gepr\u00fcft am 19.04.2022.<\/p>\n\n\n\n<p>FAS, Abel; OA, Adeyemi; OB, Oluwole; OO, Oladunmoye; OY, Ayo-Ajasa; JO, Anuoluwatelemi (2015): Effects of Treated Banana Peel Meal on the Feed Efficiency, Digestibility and Cost Effectiveness of Broiler Chickens Diet. In: <em>Journal of Veterinary Science and Animal Husbandry <\/em>1 (6). DOI: 10.15744\/2348-9790.1.603.<\/p>\n\n\n\n<p>Finckh, Maria R.; van Bruggen,Ariena H. C; Tamm, Lucius (Hg.) (2017): Plant Diseases and Their Management in Organic Agriculture: The American Phytopathological Society.<\/p>\n\n\n\n<p>Fresh Plaza, Nachrichtenportal Obst und Gem\u00fcse (2019): \u00dcbersicht Weltmarkt Bananen. Online verf\u00fcgbar unter https:\/\/www.freshplaza.de\/article\/9077204\/ubersicht-weltmarkt-bananen\/, zuletzt gepr\u00fcft am 12.04.2022.<\/p>\n\n\n\n<p>Goel, R.; Chakrabarti, A.; Sanyal, A. (1985): The Effect of Biological Variables on the Anti-Ulcerogenic Effect of Vegetable Plantain Banana. In: <em>Planta Med <\/em>51 (02), S. 85\u201388. DOI: 10.1055\/s-2007-969412.<\/p>\n\n\n\n<p>Gonz\u00e1lez-Montelongo, Rafaela; Gloria Lobo, M.; Gonz\u00e1lez, M\u00f3nica (2010): Antioxidant activity in banana peel extracts: Testing extraction conditions and related bioactive compounds. In: <em>Food Chemistry <\/em>119 (3), S. 1030\u20131039. DOI: 10.1016\/j.foodchem.2009.08.012.<\/p>\n\n\n\n<p>Grie\u00dfhammer, Rainer; Burg, Claudia (1995): Wen macht die Banane krumm:&nbsp;Kolonialwarengeschichten. Reinbek bei Hamburg: Rowohlt.<\/p>\n\n\n\n<p>Grimaldi, Ilaria M.; Van Andel, Tinde R.; Denham, Tim P. (2022): Looking beyond history: tracing the dispersal of the Malaysian complex of crops to Africa. In: <em>American J of Botany <\/em>109 (2), S. 193\u2013208. DOI: 10.1002\/ajb2.1821.<\/p>\n\n\n\n<p>Hwang, Hyung Seo; Yoo, Dae Sung; Shim, Joong Hyun (2016): Whitening Effect of Banana Leaf Extract. In: <em>Journal of the Society of Cosmetic Scientists Korea <\/em>42 (1), S. 1226\u20132587.<\/p>\n\n\n\n<p>I. O. Jideani, Afam; A. Anyasi, Tonna (Hg.) (2020): Banana Nutrition &#8211; Function and Processing Kinetics: IntechOpen.<\/p>\n\n\n\n<p>Islam, Mahmuda; Halder, M.; Siddique, Md. A. B.; Razir, S. A. A.; Sikder, S.; Joardar, J. C. (2019): Banana peel biochar as alternative source of potassium for plant productivity and sustainable agriculture. In: <em>Int J Recycl Org Waste Agricult <\/em>8 (S1), S. 407\u2013413. DOI: 10.1007\/s40093-019-00313-8.<\/p>\n\n\n\n<p>Kalemelawa, Frank; Nishihara, Eiji; Endo, Tsuneyoshi; Ahmad, Zahoor; Yeasmin, Rumana; Tenywa, Moses M.; Yamamoto, Sadahiro (2012): An evaluation of aerobic and anaerobic composting of banana peels treated with different inoculums for soil nutrient replenishment. In: <em>Bioresource Technology <\/em>126 (16), S. 375\u2013382. DOI: 10.1016\/j.biortech.2012.04.030.<\/p>\n\n\n\n<p>Kanazawa, Kazuki; Sakakibara, Hiroyuki (2000): High Content of Dopamine, a Strong Antioxidant, in Cavendish Banana. In: <em>J. Agric. Food Chem. <\/em>48 (3), S. 844\u2013848. DOI: 10.1021\/jf9909860.<\/p>\n\n\n\n<p>Kenendy, Jean (2009): Bananas and People in the Homeland of Genus Musa. Not just pretty fruit. In: <em>Ethnobotany Research &amp;&nbsp;Applications <\/em>7, S. 179\u2013197. Online verf\u00fcgbar unter https:\/\/ethnobotanyjournal.org\/index.php\/era\/article\/view\/360.<\/p>\n\n\n\n<p>Kim, Minjin; Jeong, Jaeki; Lu, Haizhou; Lee, Tae Kyung; Eickemeyer, Felix T.; Liu, Yuhang et al. (2022): Conformal quantum dot\u2013SnO 2 layers as electron transporters for efficient perovskite solar cells. In: <em>Science <\/em>375 (6578), S. 302\u2013306. DOI: 10.1126\/science.abh1885.<\/p>\n\n\n\n<p>Kirchoff, Bruce K. (1992): Ovary structure and anatomy in the Heliconiaceae and Musaceae (Zingiberales). In: <em>Can. J. Bot. <\/em>70 (12), S. 2490\u20132508. DOI: 10.1139\/b92-308.<\/p>\n\n\n\n<p>Kouam\u00e9, Camille; Kouassi, Nestor; Abodo, Jacko; Pereko, Kingsley; Casiraghi, Maria; N\u2019dri, Denis; Amani, Georges (2017): Glycemic Responses, Glycemic Index, and Glycemic Load Values of Some Street Foods Prepared from Plantain (Musa spp., AAB Genome) in C\u00f4te d\u2019Ivoire. In: <em>Foods <\/em>6 (9), S. 83. DOI: 10.3390\/foods6090083.<\/p>\n\n\n\n<p>Kumar, P. S.; Durgadevi, S.; Saravanan, A.; Uma, S. (2019): Antioxidant Potential and Antitumour Activities of Nendran Banana Peels in Breast Cancer Cell Line. In: <em>pharmaceutical-sciences <\/em>81 (3). DOI: 10.36468\/pharmaceutical-sciences.531.<\/p>\n\n\n\n<p>Kumar Rana, Gajendra; Singh, Yogendra; Mishra, S. P.; Rahangdale, Hemant K. (2018): Potential Use of Banana and Its By-products: A Review. In: <em>Int.J.Curr.Microbiol.App.Sci <\/em>7 (06), S. 1827\u20131832. DOI: 10.20546\/ijcmas.2018.706.218.<\/p>\n\n\n\n<p>Lopes, Susane; Vanz Borges, Cristine; Manso de Sousa Cardoso, Sara; de Almeida Pereira da Rocha, Miguel Francisco; Maraschin, Marcelo: Banana (Musa spp.) as a Source of Bioactive Compounds for Health Promotion. In: Handbook of Banana Production, Postharvest Science, Processing Technology, and Nutrition 2020, S. 227\u2013244.<\/p>\n\n\n\n<p>Mart\u00ednez-Ruano, Jimmy Anderson; Caballero-Galv\u00e1n, Ashley Sthefan\u00eda; Restrepo-Serna, Daissy Lorena; Cardona, Carlos Ariel (2018): Techno-economic and environmental assessment of biogas production from banana peel (Musa paradisiaca) in a biorefinery concept. In: <em>Environ Sci Pollut Res <\/em>25 (36), S. 35971\u201335980. DOI: 10.1007\/s11356-018-1848-y.<\/p>\n\n\n\n<p>Mathew, Nimisha Sarah; Negi, Pradeep Singh (2017): Traditional uses, phytochemistry and pharmacology of wild banana (Musa acuminata Colla). A review. In: <em>Journal of Ethnophyrmacology <\/em>(196), S. 124\u2013140. Online verf\u00fcgbar unter 10.1016\/j.jep.2016.12.009.<\/p>\n\n\n\n<p>Motaghi, Mahdis; Ziarati, Parisa (2016): Adsorptive Removal of Cadmium and Lead from Oryza Sativa Rice by Banana Peel as Bio-Sorbent. In: <em>Biomed. Pharmacol. J. <\/em>9 (2), S. 739\u2013749. DOI: 10.13005\/bpj\/998.<\/p>\n\n\n\n<p>Navarra, Petra (2014): Hirse, Hopfe, Wurzelbier. Vom Brauen und Brennen in Afrika. Wien: Mandelbaum Verlag.<\/p>\n\n\n\n<p>Nuriyasa, I. Made; Puspani, Eny; Bidura, I. Gusti Nyoman Gde (2019): Growth, Feed Digestion and Carcass Characteristics of Rabbits Fed With Banana Peel (Acuminata balbisiana) Supplementation. In: <em>Pakistan J. of Nutrition <\/em>19 (1), S. 19\u201324. DOI: 10.3923\/pjn.2020.19.24.<\/p>\n\n\n\n<p>Oyeyinka, Barnabas Oluwatomide; Afolayan, Anthony Jide (2019): Comparative Evaluation of the Nutritive, Mineral, and Antinutritive Composition of Musa sinensis L. (Banana) and Musa paradisiaca L. (Plantain) Fruit Compartments. In: <em>Plants <\/em>8 (12), S. 598. DOI: 10.3390\/plants8120598.<\/p>\n\n\n\n<p>Passo Tsamo, Claudine Val\u00e9rie; Herent, Marie-France; Tomekpe, Kodjo; Happi Emaga, Thomas; Quetin-Leclercq, Jo\u00eblle; Rogez, Herv\u00e9 et al. (2015): Phenolic profiling in the pulp and peel of nine plantain cultivars (Musa sp.). In: <em>Food Chemistry <\/em>167 (7), S. 197\u2013204. DOI: 10.1016\/j.foodchem.2014.06.095.<\/p>\n\n\n\n<p>Pathak, Pranav D.; Mandavgane, Sachin A.; Kulkarni, Bhaskar D. (2016): Characterizing Fruit and Vegetable Peels as Bioadsorbents. In: <em>Current Science <\/em>110 (11), S. 2114. DOI: 10.18520\/cs\/v110\/i11\/2114-2123.<\/p>\n\n\n\n<p>Pereira, Aline; Maraschin, Marcello (2015): Banana (Musa spp) from peel to pulp. Ethopharmacology, source of bioactive compounds and its relevance for human health. In: <em>Journal of Ethnophyrmacology <\/em>160, S. 149\u2013163.<\/p>\n\n\n\n<p>Pereira, Gustavo Araujo; Molina, Gustavo; Arruda, Henrique Silvano; Pastore, Glaucia Maria (2017): Optimizing the Homogenizer-Assisted Extraction (HAE) of Total Phenolic Compounds from Banana Peel. In: <em>Journal of Food Process Engineering <\/em>40 (3), S. e12438. DOI: 10.1111\/jfpe.12438.<\/p>\n\n\n\n<p>Perrier, Xavier; Langhe, Edmond de; Donohue, Mark; Lentfer, Carol; Vrydaghs, Luc; Bakry, Fr\u00e9d\u00e9ric et al. (2011): Multidisciplinary perspectives on banana (Musa spp.) domestication. In: <em>Proc. Natl. Acad. Sci. U.S.A. <\/em>108 (28), S. 11311\u201311318. DOI: 10.1073\/pnas.1102001108.<\/p>\n\n\n\n<p>Pisutpaisal, Nipon; Boonyawanich, Siriorn; Saowaluck, Haosagul (2014): Feasibility of Biomethane Production from Banana Peel. In: <em>Energy Procedia <\/em>50, S. 782\u2013788. DOI: 10.1016\/j.egypro.2014.06.096.<\/p>\n\n\n\n<p>Pocasangre, Luis E.; P\u00e9rez-Vicente, Luis; Ferris, Howard (2017): CHAPTER 5.8: Organic Banana Disease Management. In: Maria R. Finckh, van Bruggen,Ariena H. C und Lucius Tamm (Hg.): Plant Diseases and Their Management in Organic Agriculture: The American Phytopathological Society, S. 351\u2013365.<\/p>\n\n\n\n<p>Praveena, M; Surya Prabha, M (2018): Anti-Colorectal Cancer Properties of Hill Banana (cv.Virupakshi AAB) fruits: An in vitr. In: <em>Indian Journal of Natural Sciences <\/em>47 (8), S. 13226\u201313233.<\/p>\n\n\n\n<p>Pushpangadan, P; Kaur, Jeet; Sharma, Jyoti (1989): Plantain or Edible Banana. Lesser Known Folk Uses in India. In: <em>Ancient Science of life <\/em>9 (1), S. 20\u201324.<\/p>\n\n\n\n<p>Rattanavichai, Wutti; Cheng, Winton (2015): Dietary supplement of banana (Musa acuminata) peels hot-water extract to enhance the growth, anti-hypothermal stress, immunity and disease resistance of the giant freshwater prawn, Macrobrachium rosenbergii. In: <em>Fish &amp; Shellfish Immunology <\/em>43 (2), S. 415\u2013426. DOI: 10.1016\/j.fsi.2015.01.011.<\/p>\n\n\n\n<p>Robinson, John C.; Gal\u00e1n Sa\u00faco, V\u00edctor (2010): Bananas and plantains. 2. ed.: CABI (Crop production science in horticulture series, no. 19). Online verf\u00fcgbar unter http:\/\/site.ebrary.com\/lib\/alltitles\/docDetail.action?docID=10426598.<\/p>\n\n\n\n<p>Sansone, Ana Claudia Miranda Brito; Sansone, Marcelo; dos Santos Dias, Carlos Tadeu; Oliveira do Nascimento, Jo\u00e3o Roberto (2016): Oral administration of banana lectin modulates cytokine profile and abundance of T-cell populations in mice. In: <em>International Journal of Biological Macromolecules <\/em>89, S. 19\u201324. DOI: 10.1016\/j.ijbiomac.2016.04.049.<\/p>\n\n\n\n<p>Scott, Ashley; Power, Robert C.; Altmann-Wendling, Victoria; Artzy, Michal; Martin, Mario A. S.; Eisenmann, Stefanie et al. (2021): Exotic foods reveal contact between South Asia and the Near East during the second millennium BCE. In: <em>Proc. Natl. Acad. Sci. U.S.A. <\/em>118 (2), S. 135. DOI: 10.1073\/pnas.2014956117.<\/p>\n\n\n\n<p>Sial, Tanveer Ali; Khan, Muhammad Numan; Lan, Zhilong; Kumbhar, Farhana; Ying, Zhao; Zhang, Jianguo et al. (2019): Contrasting effects of banana peels waste and its biochar on greenhouse gas emissions and soil biochemical properties. In: <em>Process Safety and Environmental Protection <\/em>122, S. 366\u2013377. DOI: 10.1016\/j.psep.2018.10.030.<\/p>\n\n\n\n<p>SIMMONDS, N. W.; WEATHERUP, S. T. C. (1990): Numerical taxonomy of the wild bananas (Musa ). In: <em>New Phytologist <\/em>115 (3), S. 567\u2013571. DOI: 10.1111\/j.1469-8137.1990.tb00485.x.<\/p>\n\n\n\n<p>Sinha, Vibha; Shinde, Sapnita; Dixit, Vineeta; Tiwari, Atul Kumar: Prevention and Management of Colon Cancer by Nutritional Intervention. In: Colon Cancer Diagnosis and Therapy, Bd.&nbsp;3, S. 277\u2013306.<\/p>\n\n\n\n<p>Someya, Shinichi; Yoshiki, Yumiko; Okubo, Kazuyoshi (2002): Antioxidant compounds from bananas (Musa Cavendish). In: <em>Food Chemistry <\/em>79 (3), S. 351\u2013354. DOI: 10.1016\/S0308-8146(02)00186-3.<\/p>\n\n\n\n<p>Sopisco News; Union of Banana Exporting Countries; Food and Agricultural Organization; US Bureau of Labor Statistics; World Bank: Bananen monalticher Preis in Euro pro Kilogramm. Bananen, Mittelamerika und Ecuador, FOB US-H\u00e4fen. Online verf\u00fcgbar unter https:\/\/www.indexmundi.com\/de\/rohstoffpreise\/?ware=bananen&amp;monate=60&amp;wahrung=eur, zuletzt gepr\u00fcft am 12.04.2022.<\/p>\n\n\n\n<p>Statista (2022): Leading producers of bananas worldwide in 2020, by country. Hg. v. Statista. Statista. Online verf\u00fcgbar unter https:\/\/www.statista.com\/statistics\/811243\/leading-banana-producing-countries\/, zuletzt gepr\u00fcft am 19.04.2022.<\/p>\n\n\n\n<p>Statista (2022): Pro-Kopf-Konsum von Bananen in Europa nach L\u00e4ndern im Jahr 2013.<\/p>\n\n\n\n<p>Statista (2022): Wichtigste Lieferl\u00e4nder von Bananen in Deutschland nach Importmenge in den Jahren 2020 und 2021. Online verf\u00fcgbar unter https:\/\/de.statista.com\/statistik\/daten\/studie\/328355\/umfrage\/wichtigste-herkunftslaender-von-bananen-in-deutschland-nach-importmenge\/, zuletzt gepr\u00fcft am 12.04.2022.<\/p>\n\n\n\n<p>Thanyapanich, Norramon; Jimtaisong, Ampa; Rawdkuen, Saroat (2021): Functional Properties of Banana Starch (Musa spp.) and Its Utilization in Cosmetics. In: <em>Molecules <\/em>26 (12), S. 3637. DOI: 10.3390\/molecules26123637.<\/p>\n\n\n\n<p>Val\u00e9rie Passo Tsamo, Claudine; Andre, Christelle M.; Ritter, Christian; Tomekpe, Kodjo; Ngoh Newilah, G\u00e9rard; Rogez, Herv\u00e9; Larondelle, Yvan (2014): Characterization of Musa sp. Fruits and Plantain Banana Ripening Stages According to Their Physicochemical Attributes. In: <em>J. Agric. Food Chem. <\/em>62 (34), S. 8705\u20138715. DOI: 10.1021\/jf5021939.<\/p>\n\n\n\n<p>Van Acker, Sifra; Pacchiarotti, Sara; De Langhe, Edmond; Bostoen, Koen (2021): Reconstructing West-Coastal Bantu vocabulary as evidence for early banana cultivation in Central Africa. In: <em>Studies in African Linguistics <\/em>50 (2), S. 285\u2013325.<\/p>\n\n\n\n<p>Vu, Hang T.; Scarlett, Christopher J.; Vuong, Quan V. (2018): Phenolic compounds within banana peel and their potential uses: A review. In: <em>Journal of Functional Foods <\/em>40 (1), S. 238\u2013248. DOI: 10.1016\/j.jff.2017.11.006.<\/p>\n\n\n\n<p>White, Amy; Gallegos, Danielle; Hundloe, Tor (2011): The impact of fresh produce specifications on the Australian food and nutrition system. a case study of the north Queensland banana industry. Hg. v. Cambridge University Press.<\/p>\n\n\n\n<p>World Trade Organization: WTO&nbsp;Stats Portal. Hg. v. WTO. WTO. Online verf\u00fcgbar unter https:\/\/stats.wto.org\/.<\/p>\n\n\n\n<p>Youssef, Nesrine H.; Qari, Sameer H.; Matar, Saleh; Hamad, Najwa A.; Dessoky, Eldessoky S.; Elshaer, Moustafa M. et al. (2021): Licorice, Doum, and Banana Peel Extracts Inhibit Aspergillus flavus Growth and Suppress Metabolic Pathway of Aflatoxin B1 Production. In: <em>Agronomy <\/em>11 (8), S. 1587. DOI: 10.3390\/agronomy11081587.<\/p>\n","protected":false},"excerpt":{"rendered":"<p>Frisch aus der Druckerpresse! Sich selbst beschenken \u2013 Freunde erfreuen! \u00bbAusgerechnet Bananen verlangt sie von mir!\u00ab, beklagt ein Schlagertext der 1920er-Jahre. Kein Wunder, ist die Banane doch eine ideale Projektionsfl\u00e4che exotischer und erotischer Wunschtr\u00e4ume. Die Banane kann allerdings viel mehr. &hellip; <a href=\"https:\/\/margot-fischer.net\/?page_id=1688\">Weiterlesen <span class=\"meta-nav\">&rarr;<\/span><\/a><\/p>\n","protected":false},"author":1,"featured_media":0,"parent":87,"menu_order":0,"comment_status":"closed","ping_status":"closed","template":"","meta":[],"_links":{"self":[{"href":"https:\/\/margot-fischer.net\/index.php?rest_route=\/wp\/v2\/pages\/1688"}],"collection":[{"href":"https:\/\/margot-fischer.net\/index.php?rest_route=\/wp\/v2\/pages"}],"about":[{"href":"https:\/\/margot-fischer.net\/index.php?rest_route=\/wp\/v2\/types\/page"}],"author":[{"embeddable":true,"href":"https:\/\/margot-fischer.net\/index.php?rest_route=\/wp\/v2\/users\/1"}],"replies":[{"embeddable":true,"href":"https:\/\/margot-fischer.net\/index.php?rest_route=%2Fwp%2Fv2%2Fcomments&post=1688"}],"version-history":[{"count":3,"href":"https:\/\/margot-fischer.net\/index.php?rest_route=\/wp\/v2\/pages\/1688\/revisions"}],"predecessor-version":[{"id":1692,"href":"https:\/\/margot-fischer.net\/index.php?rest_route=\/wp\/v2\/pages\/1688\/revisions\/1692"}],"up":[{"embeddable":true,"href":"https:\/\/margot-fischer.net\/index.php?rest_route=\/wp\/v2\/pages\/87"}],"wp:attachment":[{"href":"https:\/\/margot-fischer.net\/index.php?rest_route=%2Fwp%2Fv2%2Fmedia&parent=1688"}],"curies":[{"name":"wp","href":"https:\/\/api.w.org\/{rel}","templated":true}]}}