{"id":1830,"date":"2025-04-25T19:28:17","date_gmt":"2025-04-25T17:28:17","guid":{"rendered":"http:\/\/margot-fischer.net\/?page_id=1830"},"modified":"2025-04-29T16:05:10","modified_gmt":"2025-04-29T14:05:10","slug":"erdbeere","status":"publish","type":"page","link":"https:\/\/margot-fischer.net\/?page_id=1830","title":{"rendered":"Erdbeere"},"content":{"rendered":"\n<figure class=\"wp-block-image size-large\"><img decoding=\"async\" loading=\"lazy\" width=\"594\" height=\"1024\" src=\"http:\/\/margot-fischer.net\/wp-content\/uploads\/2025\/04\/Erdbeere-594x1024.jpg\" alt=\"\" class=\"wp-image-1831\" srcset=\"https:\/\/margot-fischer.net\/wp-content\/uploads\/2025\/04\/Erdbeere-594x1024.jpg 594w, https:\/\/margot-fischer.net\/wp-content\/uploads\/2025\/04\/Erdbeere-174x300.jpg 174w, https:\/\/margot-fischer.net\/wp-content\/uploads\/2025\/04\/Erdbeere-768x1325.jpg 768w, https:\/\/margot-fischer.net\/wp-content\/uploads\/2025\/04\/Erdbeere-890x1536.jpg 890w, https:\/\/margot-fischer.net\/wp-content\/uploads\/2025\/04\/Erdbeere-1187x2048.jpg 1187w, https:\/\/margot-fischer.net\/wp-content\/uploads\/2025\/04\/Erdbeere.jpg 1335w\" sizes=\"(max-width: 594px) 100vw, 594px\" \/><\/figure>\n\n\n\n<p>Vom Goldenen Zeitalter und dem Paradies \u00fcber gro\u00dfe Gestalten der Mythologie und politische Intrigen bis zur Manus Christi und der Sehnsucht nach dem Erdbeermund spannt sich die Geschichte der Erdbeere, die seit der Steinzeit hocharomatischen Genuss, Gesundheit und Sch\u00f6nheit schenkt.<\/p>\n\n\n\n<p>Kulturgeschichte, Anekdoten und jede Menge gro\u00dfartige Rezepte bietet dieses Buch.<\/p>\n\n\n\n<p>Ein Geschenk \u2013 auch an sich selbst!<\/p>\n\n\n\n<p>Eine Auswahl an weiterf\u00fchrender Literatur:<\/p>\n\n\n\n<p>Weiterf\u00fchrende Literatur<\/p>\n\n\n\n<p>Aaby K et al (2005). Phenolic composition and antioxidant activities in flesh and achenes of strawberries (Fragaria ananassa). J Agric Food Chem. 53(10):4032\u201340.<\/p>\n\n\n\n<p>Aigremont. Volkserotik und Pflanzenwelt: eine Darstellung alter wie moderner erotischer und sexueller Gebr\u00e4uche, Vergleiche, Benennungen, Sprichw\u00f6rter, Redewendungen, R\u00e4tsel, Volkslieder erotischen Zaubers und Aberglaubens, sexueller Heilkunde, die sich auf Pflanzen beziehen; Bl\u00e4schke 1910.<\/p>\n\n\n\n<p>Alvarez-Suarez J M et al (2011). Strawberry polyphenols attenuate ethanol-induced gastric lesions in rats by activation of antioxidant enzymes and attenuation of MDA increase. <em>PloS one<\/em>, <em>6<\/em>(10), e25878.<\/p>\n\n\n\n<p>Alvarez-Suarez, J M et al (2014). The effects of pre-harvest and post-harvest factors on the nutritional quality of strawberry fruits: A review. <em>Journal of Berry Research<\/em>, <em>4<\/em>(1), 1\u201310.<\/p>\n\n\n\n<p>Amatori S et al (2016). Polyphenol-rich strawberry extract (PRSE) shows in vitro and in vivo biological activity against invasive breast cancer cells. <em>Sci Rep<\/em> 6:30917.<\/p>\n\n\n\n<p>Anonymus (mitunter f\u00e4lschlich Johann Wonnecke von Kaub zugeschrieben). <em>Ortus sanitatis uff teutsch ein gart der gesuntheit.<\/em> Peter Sch\u00f6ffer, 1485; Neudruck M\u00fcnchen 1966.<\/p>\n\n\n\n<p>Austin, T (Hg.). <em>Two Fifteenth-century Cookery-books: Harleian Ms. 279 (ab. 1430), &amp; Harl. Ms. 4016 (ab. 1450), with Extracts from Ashmole Ms. 1429, Laud Ms. 553, &amp; Douce Ms. 55<\/em> (No. 91). Oxford University Press, 1888.<\/p>\n\n\n\n<p>Becker, U. Lexikon der&nbsp; Symbole. Herder 2000.<\/p>\n\n\n\n<p>Biehl, J (1970). Der Wilde Alexander: Untersuchungen zur literarischen Technik eines Autors im 13. Jahrhundert. Diss., Hamburg.<\/p>\n\n\n\n<p>Br\u00e9vart, F B (1993). Das Iatromathematische Corpus: Untersuchungen zu einem alemannischen astrologisch-medizinischen Kompendium des Sp\u00e4tmittelalters mit Textausgabe und einem Anhang: Michael Puffs von Schrick Traktat <em>Von den ausgebrannten W\u00e4ssern<\/em> in der handschriftlichen Fassung des Codex Z\u00fcrich, Zentralbibliothek, C 102 b. <em>Z\u00fcrcher Medizingeschichtliche Abhandlungen<\/em>, no. 196.: 168\u2013170.<\/p>\n\n\n\n<p>Brunfels, O. Contrafayt Kre\u00fcterbuch: nach rechter vollkommener Art, unnd Beschreibungen der alten, besstber\u00fcmpten \u00c4rtzt, vormals in te\u00fctscher Sprach, der mas\u00dfen nye gesehen, noch im Truck au\u00dfgangen; sampt einer gemeynen Inleytung der Kre\u00fcter Urhab, Erkantn\u00fcs\u00df, Brauch, Lob, und Herrlicheit. 2.(1537).-CLXXIII S.: zahlr. Ill. Vol. 2. Schott, 1964.<\/p>\n\n\n\n<p>B\u00fchrig U (2020). Lehrbuch Heilpflanzenkunde. Haug bei Thieme Verlag.<\/p>\n\n\n\n<p>Camerarius J. <em>Symbolorum et emblematum<\/em>. Digitalisat <a href=\"https:\/\/archive.org\/details\/symbolorumetembl131came\">https:\/\/archive.org\/details\/symbolorumetembl131came<\/a>. Erstausgabe 1595.<\/p>\n\n\n\n<p>Carlson, J. (1972). Indian Folklore: Rich Heritage for the \u00bbNOW\u00ab Generation. <em>Elementary English<\/em>, vol. 49, no. 1, 120ff. <em>JSTOR<\/em>, http:\/\/www.jstor.org\/stable\/41387050.<\/p>\n\n\n\n<p>Cato, Varro. <em>De agri cultura<\/em> (On agriculture). Harvard University Press 1934.<\/p>\n\n\n\n<p>Cheel J et al (2005). E-cinnamic acid derivatives and phenolics from Chilean strawberry fruits, Fragaria chiloensis ssp. chiloensis. <em>Journal of Agricultural and Food Chemistry<\/em> 53(22):8512\u20138518.<\/p>\n\n\n\n<p>Cl\u00e9ment-Mullet, J J (1866). <em>Le livre de l&#8217;agriculture d&#8217;Ibn-al-Awam (Kitab al-felahah)<\/em>. A. Franck.<\/p>\n\n\n\n<p>Cohen, S G (2008). Food allergens: landmarks along a historic trail. <em>Journal of allergy and clinical immunology<\/em>, <em>121<\/em>(6), 1521\u20131524.<\/p>\n\n\n\n<p>Coles, W. <em>The art of simpling<\/em>. Health Research Books, 1986. Erstausgabe 1656.<\/p>\n\n\n\n<p>Colshorn, C &amp; T Colshorn. <em>M\u00e4rchen und Sagen<\/em>. Carl R\u00fcmpler, 1854.<\/p>\n\n\n\n<p>Coman, M &amp; A N Popescu (2008). Interspecific hybridization for the introduction of fruit flavor from wild Fragaria into commercial strawberry. <em>VI International Strawberry Symposium 842<\/em>.<\/p>\n\n\n\n<p>Culpeper, N. Culpeper\u00b4s complete herbal, Foulsham 1880. Erstausgabe: The English Physician 1652.<\/p>\n\n\n\n<p>Couto J et al (2020). Fragaria vesca L. Extract: A Promising Cosmetic Ingredient with Antioxidant Properties. <em>Antioxidants<\/em> (Basel). 9(2):154.<\/p>\n\n\n\n<p>da Silva P M et al (2010). Evaluation of Antiproliferative, Anti-Type 2 Diabetes, and Antihypertension Potentials of Ellagitannins from Strawberries (Fragaria \u00d7 ananassa Duch.) Using In Vitro Models. <em>Journal of Medicinal Food<\/em> 13(5):1027\u20131035.<\/p>\n\n\n\n<p>da Silva P M et al (2008). Functionality of Bioactive Compounds in Brazilian Strawberry (Fragaria \u00d7 ananassa Duch.) Cultivars: Evaluation of Hyperglycemia and Hypertension Potential Using in Vitro Models. <em>Journal of Agricultural and Food Chemistry<\/em> 56 4386\u20134392.<\/p>\n\n\n\n<p>Darrow G M. The Strawberry. History, Breeding and Physiology. Holt, Rinehart and Winston, New York, 1966.<\/p>\n\n\n\n<p>Davis, T. M., Denoyes-Rothan, B., &amp; Lerceteau-K\u00f6hler, E. (2007). Strawberry. In <em>Fruits and nuts<\/em> (pp. 189-205). Berlin, Heidelberg: Springer Berlin Heidelberg.<\/p>\n\n\n\n<p>De Tolnay, C. (1965). Hieronymus Bosch\/2 Kritischer Katalog der Werke. <em>Hieronymus Bosch<\/em>.<\/p>\n\n\n\n<p>Dodoens, R. <em>A Nievve Herball, Or Historie of Plantes: Wherin is Contayned the Vvhole Discourse and Perfect Description of All Sortes of Herbes and Plantes: Their Diuers &amp;] Sundry Kindes: Their Straunge Figures, Fashions, and Shapes: Their Names, Natures, Operations, and Vertues: and that Not Onely of Those Whiche are Here Growyng in this Our Countrie of Englande, But of All Others Also of Forrayne Realmes, Commonly Vsed in Physicke<\/em>. by my Gerard Dewes [&#8230;], 1946.<\/p>\n\n\n\n<p>Duchesne, A N. <em>Histoire naturelle des fraisiers: contenant les vues d&#8217;\u00e9conomier\u00e9unies \u00e0 la botanique; &amp; suivie de remarques particuli\u00e8res sur plusieurs points qui ont rapport \u00e0 l&#8217;histoire naturelle g\u00e9n\u00e9rale<\/em>. Didot le jeune, 1766.<\/p>\n\n\n\n<p>Dumas A. <em>Grand Dictionnaire de Cuisine<\/em>. Alphonse Lemerre (Hg.), 1873.<\/p>\n\n\n\n<p>Estienne, C. <em>De re hortensi libellus [Caroli Stephani]: vulgaria herbarum, florum ac fruticum qui in hortis conseri solent nomina latinis vocibus esserre docens ex probatis authoribus; in puerorum gratiam atque utilitatem<\/em>, 1535.<\/p>\n\n\n\n<p>FAO Statistics Strawberry: https:\/\/worldpopulationreview.com\/country-rankings\/strawberry-production-by-country<\/p>\n\n\n\n<p>Frauenlob von Hirschberg, N. Kr\u00e4uterbuch. Medizinische Rezeptsammlung. Mattighofen, 1482\u20131486. <a href=\"https:\/\/digi.ub.uni-heidelberg.de\/diglit\/cpg583\">https:\/\/digi.ub.uni-heidelberg.de\/diglit\/cpg583<\/a><\/p>\n\n\n\n<p>Fridell, S &amp; I Svanberg (2024). On the etymology of strawberry. <em>Studia Neophilologica<\/em>: 1\u20138.<\/p>\n\n\n\n<p>Friedreich, J B. <em>Die Symbolik und Mythologie der Natur<\/em>. Stahel, 1859.<\/p>\n\n\n\n<p>Fuchs, L. New Kre\u00fcterbuch, in welchem nit allein die gantz histori, das ist namen, gestalt, statt vnd zeit der wachsung, natur, krafft vnd w\u00fcrckung, des meysten theyls der Kre\u00fcter so in Te\u00fctschen vnnd andern Landen wachsen, mit dem besten vlei\u00df beschrieben, sonder auch aller derselben wurtzel, stengel, bletter, blumen, samen, fr\u00fccht, vnd in summa die gantze gestalt, allso artlich vnd kunstlich abgebildet vnd contrafayt ist, das de\u00dfgleichen vormals nie gesehen, noch an tag kom [m] en: Mit dreyen n\u00fctzlichen Registern&#8230; Isingrin, 1985.<\/p>\n\n\n\n<p>Geiger, P L. <em>Handbuch der Pharmacie: zum Gebrauche bei Vorlesungen und zum Selbstunterrichte f\u00fcr \u00c4rzte, Apotheker und Droguisten<\/em>. CF Winter, 1839.<\/p>\n\n\n\n<p>Geisenheyner, L. <em>Deutsche Pflanzennamen<\/em>. Bergmann, 1889.<\/p>\n\n\n\n<p>Gerard, J. <em>The herbal or general history of plants: the complete 1633 edition as revised and enlarged by Thomas Johnson<\/em>. Courier Dover Publications, 2015.<\/p>\n\n\n\n<p>Gerhardt, C, &amp; B Schnell. In verbis in herbis et in lapidibus est deus: zum Naturverst\u00e4ndnis in den deutschsprachigen illustrierten Kr\u00e4uterb\u00fcchern des Mittelalters. (2002).<\/p>\n\n\n\n<p>Giampieri, F., Alvarez-Suarez, J. M., Cordero, M. D., Gasparrini, M., Forbes-Hernandez, T. Y., Afrin, S., &#8230; &amp; Battino, M. (2017). Strawberry consumption improves aging-associated impairments, mitochondrial biogenesis and functionality through the AMP-activated protein kinase signaling cascade. <em>Food chemistry<\/em>, <em>234<\/em>, 464\u2013471.<\/p>\n\n\n\n<p>Giampieri, F et al (2015). Strawberry as a health promoter: an evidence based review. <em>Food &amp; function<\/em>, <em>6<\/em>(5), 1386\u20131398.<\/p>\n\n\n\n<p>Giampieri, F et al (2013). The potential impact of strawberry on human health. <em>Natural product research<\/em>, <em>27<\/em>(4-5), 448\u2013455.<\/p>\n\n\n\n<p>Glum, P (1976). Divine Judgment in Bosch&#8217;s Garden of Earthly Delights. <em>The Art Bulletin<\/em>, <em>58<\/em>(1), 45\u201354.<\/p>\n\n\n\n<p>Guo, R et al (2018). Investigation and taxonomy of wild Fragaria resources in Tibet, China. <em>Genetic resources and crop evolution<\/em> 65: 405\u2013415.<\/p>\n\n\n\n<p>Gruner, P et al (2017). Fragaria viridis Weston: diversity and breeding potential of an underutilised strawberry species. <em>Acta Horticulturae<\/em> 1156: 203\u2013208.<\/p>\n\n\n\n<p>Haage, B D (2011). Die Pflanzen der Klostermedizin in Darstellung und Anwendung. Mit Pflanzenbildern des Benediktiners Vitus Auslasser (15. Jh.)(= Schriften zur Medizingeschichte, Band 5).<\/p>\n\n\n\n<p>Haig, E. <em>The floral symbolism of the great masters<\/em>. K. Paul, Trench, Tr\u00fcbner &amp; Company, Limited, 1913. Digitalisat <a href=\"https:\/\/archive.org\/details\/floralsymbolismo00haiguoft\/page\/n5\/mode\/2up\">https:\/\/archive.org\/details\/floralsymbolismo00haiguoft\/page\/n5\/mode\/2up<\/a><\/p>\n\n\n\n<p>Hummer, K et al. Fragaria. <em>Wild Crop Relatives: Genomic and Breeding Resources: Temperate Fruits<\/em>. Berlin, Heidelberg: Springer Berlin Heidelberg, 2010. 17\u201344.<\/p>\n\n\n\n<p>Ibrahim D S (2015). Effect of strawberry (Fragaria \u00d7 ananassa) leaf extract on diabetic nephropathy in rats. <em>Int J Exp Pathol.<\/em> 96(2):87\u201393.<\/p>\n\n\n\n<p>Johnson, A &amp; V Franklin. <em>Menus that Made History: Over 2000 years of menus from Ancient Egyptian food for the afterlife to Elvis Presley&#8217;s wedding breakfast<\/em>. Hachette UK, 2019.<\/p>\n\n\n\n<p>Joly, J S (1956). Richard III and the Strawberries. <em>British Medical Journal<\/em>, <em>1<\/em>(4978), 1301.<\/p>\n\n\n\n<p>Kamber, G (1992). A proposed etymology for fr. \u00bbfraise\u00ab. <em>General Linguistics<\/em>, <em>32<\/em>(4), 226.<\/p>\n\n\n\n<p>Karg S et al. Heilsam, kleidsam, wundersam: Pflanzen im Alltag der Steinzeitmenschen. Theiss 2019.<\/p>\n\n\n\n<p>Krasa, H. Etymologie de la phraseologie a composante phytonmique en fran\u00e7ais moderne. 2023.<\/p>\n\n\n\n<p>Lawrence, S. <em>Kew-Witch&#8217;s Garden: Plants in Folklore, Magic and Traditional Medicine<\/em>. Hachette UK, 2020. <a href=\"https:\/\/play.google.com\/books\/reader?id=Uk7gEAAAQBAJ&amp;pg=GBS.PA91&amp;hl=de\">https:\/\/play.google.com\/books\/reader?id=Uk7gEAAAQBAJ&amp;pg=GBS.PA91&amp;hl=de<\/a><\/p>\n\n\n\n<p>L\u00e9mery, N. <em>Dictionnaire universel des drogues simples..<\/em>. chez d&#8217;Houry, 1760. <a href=\"https:\/\/archive.org\/details\/BIUSante_20212\">https:\/\/archive.org\/details\/BIUSante_20212<\/a><\/p>\n\n\n\n<p>Liberal J et al (2014). Bioactivity of Fragaria vesca leaves through inflammation, proteasome and autophagy modulation. <em>J Ethnopharmacol<\/em> 158:113\u2013122.<\/p>\n\n\n\n<h1>Lonicerus Adamus. Kreuterb\u016fch, Von allerhand Ba\u0364umen, Stauden, Hecken, Kreutern, Fr\u00fcchten, vnnd Gew\u00fcrtzen, Eygentlicher beschreibung der Gestalt, vnderscheyd der Geschlecht, vnnd leblicher abconterfaytung, sampt jrem nat\u00fcrlichen Gebrauch, Krafft vnd Wirckung. Mit vilen newen Kreutern vnd Figuren, in die zweyhundert, vber andere au\u00dfgangene Editio\u00f1 gemehret. Auch Distillierens Bereytschafft vnd Bericht, allerley ko\u0364stliche Wasser zubrennen, abziehen, halten, vnd zugebrauchen. Jtem der f\u00fcrnembsten Gethier, Vo\u0364gel vnd Fische, Metallen, Edel gesteinen, gebreuchlichen Gummi, vnd gestandenen Sa\u0364fften, beschreibung, vnd nutzung. Mit dreien fleissigen vollckom\u0305lichen Registern. Christian Egenolffs Erben, Frankfurt am Main 1560.<\/h1>\n\n\n\n<p>Luo, G et al (2018). Creating interspecific hybrids with improved cold resistance in Fragaria. <em>Scientia horticulturae<\/em> 234: 1\u20139.<\/p>\n\n\n\n<p>Matthiolus, P. A. Kreutterbuch de\u00df hochgelehrten und weltber\u00fchmten Herrn D. Petri Andreae Matthioli [&#8230;] zum vierdten mal au\u00df sonderm Flei\u00df gemehret\/und verfertiget\/durch Ioachimum Camerarium, Frankfurt am Main, 1626.<\/p>\n\n\n\n<p>Morus, T. The History of King Richard the Third. 1513<\/p>\n\n\n\n<p>Nakhate, K T et al (2022). Therapeutic potential and pharmaceutical development of a multitargeted flavonoid phloretin. <em>Nutrients<\/em> 14.17: 3638.<\/p>\n\n\n\n<p>Nevinson, J L (1939). English Domestic Embroidery Patterns of the Sixteenth and Seventeenth Centuries. <em>The Volume of the Walpole Society<\/em>, <em>28<\/em>, 1-13.<\/p>\n\n\n\n<p>&nbsp;Noguchi, Y et al (2002). &#8222;Breeding of a new aromatic strawberry by interspecific hybridization Fragaria x ananassa\u00d7 F. nilgerrensis.&#8220; <em>Journal of the Japanese Society for Horticultural science<\/em> 71.2: 208\u2013213.<\/p>\n\n\n\n<p>Ohloff, G. <em>Irdische D\u00fcfte-himmlische Lust: eine Kulturgeschichte der Duftstoffe<\/em>. Birkh\u00e4user, 1992.<\/p>\n\n\n\n<p>Ohloff, G. <em>Riechstoffe und Geruchssinn: die molekulare Welt der D\u00fcfte<\/em>. Springer-Verlag, 2013.<\/p>\n\n\n\n<p>Olbricht, K et al (2021). Breeding potential of underutilized Fragaria species. <em>IX International Strawberry Symposium 1309<\/em>.<\/p>\n\n\n\n<p>Olennikov, D et al (2022). Oriental strawberry metabolites: LC\u2013MS profiling, antioxidant potential, and postharvest changes of Fragaria orientalis fruits. <em>Horticulturae<\/em> 8.10: 975.<\/p>\n\n\n\n<p>Pahlow M. Das gro\u00dfe Buch der Heilpflanzen \u2013 Gesund durch die Heilkr\u00e4fte der Natur. Weltbild Verlag, 2006.<\/p>\n\n\n\n<p>Petroianu, G et al (2018). Cleopatra: from turpentine and juniper to ionone and irone. <em>Die Pharmazie-An International Journal of Pharmaceutical Sciences<\/em>, <em>73<\/em>(11), 676-680.<\/p>\n\n\n\n<p>Pieper, R. <em>Volksbotanik: unsere Pflanzen im Volksgebrauche, in Geschichte und Sage, nebst einer Erkl\u00e4rung ihrer Namen<\/em>. Gebr. Reimer, 1897.<\/p>\n\n\n\n<p>Plinius. Naturalis historia (The Natural History of Pliny the Elder), \u00fcbersetzt von J. Bostock und H. T. Riley, Henry G. Bohn 1855. <a href=\"https:\/\/www.gutenberg.org\/files\/59131\/59131-h\/59131-h.htm\">https:\/\/www.gutenberg.org\/files\/59131\/59131-h\/59131-h.htm<\/a><\/p>\n\n\n\n<p>Preis-Maier, S (2009). <em>Der Garten in der religi\u00f6sen Bilderwelt des Mittelalters<\/em>.<\/p>\n\n\n\n<p>Preu\u00df, A (2009). Untersuchungen zur Flavonol-und Proanthocyanidinsynthese als Konkurrenzreaktionen in der Flavonoidbiosynthese (Dissertation Universit\u00e4t Marburg).<\/p>\n\n\n\n<p>Pritzel G A et al. Die deutschen Volksnamen der Pflanzen. Neuer Beitrag zum deutschen Sprachschatze. Philipp Cohen, 1882.<\/p>\n\n\n\n<p>Puff von Schrick, M. B\u00fcchlein von den ausgebrannten W\u00e4ssern. Johannes B\u00e4mler, Augsburg 1478. <a href=\"https:\/\/digital.staatsbibliothek-berlin.de\/werkansicht?PPN=PPN798827114&amp;PHYSID=PHYS_0003&amp;DMDID=&amp;view=picture-full\">https:\/\/digital.staatsbibliothek-berlin.de\/werkansicht?PPN=PPN798827114&amp;PHYSID=PHYS_0003&amp;DMDID=&amp;view=picture-full<\/a><\/p>\n\n\n\n<p>Rao, K P et al (2011). Antioxidative response of strawberry (Fragaria ananassa Duch.) cultivars and wild species (Fragaria viridis L.) to NaCl induced oxidative stress. <em>Acta Hortic<\/em> 890: 403\u2013421.<\/p>\n\n\n\n<p>Root, Waverley Lewis. <em>Food, an Authoritative and Visual History and Dictionary of the Foods of the World<\/em>. Simon and Schuster, 1980.<\/p>\n\n\n\n<p>Ross, L J (1960). The Meaning of Strawberries in Shakespeare. <em>Studies in the Renaissance<\/em> VII, 225ff.<\/p>\n\n\n\n<p>Ruellius. <em>Pedanii Dioscoridis Anazarbei De Medica Materia Libri sex, His Accessit, Praeter Pharmacorum simplicium catalogum copiosus omnium fere medelarum sive curationum Index, Nunc primum ab ipso Ruellio recogniti, &amp; suo nitori restituti.<\/em> M. Isingrin, 1539.<\/p>\n\n\n\n<p>Scharfe M (2010). Erdbeeren im Winter: Die kulturelle Bedeutung des Unerwarteten und des Staunens, aufgezeigt an den Metamorphosen eines alten Wunschmotivs. Schweizerisches Archiv f\u00fcr Volkskunde 106:1<\/p>\n\n\n\n<p>Schiedermair, W (2007). Die Erdbeere\u2013Waldfrucht, Teedroge und Symbol in der Kunst. <em>Zeitschrift f\u00fcr Phytotherapie<\/em>, <em>28<\/em>(06), 304ff.<\/p>\n\n\n\n<p>Schiefner, A et al. (2013): <em>Structural basis for the enzymatic formation of the key strawberry flavor compound 4-hydroxy-2,5-dimethyl-3(2H)-furanone<\/em>. In: jbc, (15. April 2013)<\/p>\n\n\n\n<p>Schmuki K et al. Heilkr\u00e4uter und Gartenanlagen im Kloster St. Gallen. Klosterhof 2010.<\/p>\n\n\n\n<p>Schnell, B (2005). Als ich geschriben vant von eines wises meister hant: Die deutschen Kr\u00e4uterb\u00fccher des Mittelalters-Ein \u00dcberblick. <em>Das Mittelalter<\/em> 10.1: 116\u2013131.<\/p>\n\n\n\n<p>Seidensticker, P (1993). ULRICH STOLL: Das Lorscher Arzneibuch. Ein medizinisches Kompendium des 8. Jahrhunderts (Codex Bambergensis Medicinalis 1). Text, \u00dcbersetzung und Fachglossar (Sudhoffs Archiv. Beihefte Nr. 28)(Book Review). <em>Zeitschrift f\u00fcr Dialektologie und Linguistik<\/em>, <em>60<\/em>(3), 336<\/p>\n\n\n\n<p>Stauct, G (1988). The species of Fragaria, their taxonomy and geographical distribution. <em>International Strawberry Symposium 265<\/em>.<\/p>\n\n\n\n<p>Staudt, G. <em>Systematics and geographic distribution of the American strawberry species: Taxonomic studies in the genus Fragaria (Rosaceae: Potentilleae)<\/em>. Vol. 81. Univ of California Press, 1999.<\/p>\n\n\n\n<p>Steinbach, Y (2023). <em>Kleine Pflanze mit gro\u00dfem Potential: Die Walderdbeere als Heilpflanze und ihre Wahrnehmung in der Bev\u00f6lkerung und Forschung<\/em>. Abschlussarbeit zur Erlangung des Certificate of Advanced Studies <em>Ethnobotanik und Ethnomedizin.<\/em><\/p>\n\n\n\n<p>Steinmetzer, C (2001). \u00bbHortus conclusus\u00ab, das Janusgesicht des Gartens im Mittelalter. <em>Aus: Ringvorlesung, Universit\u00e4t Salzburg, WS<\/em>, <em>2<\/em>.<\/p>\n\n\n\n<p>Sturtevant, E L. <em>Sturtevant&#8217;s notes on edible plants<\/em>. JB Lyon Company, state printers, 1919.<\/p>\n\n\n\n<p>Tabaernemontanus. <em>Ein neuwes Artzney Buch.<\/em> Georg Rabe, Frankfurt am Main 1577.<\/p>\n\n\n\n<p>Tayjanov, K et al (2021). Plants and fungi in the ethnomedicine of the medieval East-a review. <em>Ethnobotany Research and Applications<\/em>, <em>22<\/em>, 1\u201320. Transactions of the Massachusetts Horticultural Society, Boston 1888.<\/p>\n\n\n\n<p>Ulrich, D et al (2007). Diversity of aroma patterns in wild and cultivated Fragaria accessions. <em>Genetic Resources and Crop Evolution<\/em> 54: 1185\u20131196.<\/p>\n\n\n\n<p>Va\u0148kov\u00e1, L (2019). Zur deutschen \u00dcbersetzung des&#8216; Circa instans&#8216; im&#8217;Medizinischen Kompendium des Juden von Salms&#8216;. <em>Br\u00fcnner Beitr\u00e4ge zur Germanistik und Nordistik<\/em>, <em>33<\/em>(Supplementum), 109\u2013122.<\/p>\n\n\n\n<p>Villon, F &amp; P Zech. <em>Die lasterhaften Balladen und Lieder: Nachdichtung. Mit e. Biogr. \u00fcber Villon<\/em>. Deutscher Taschenbuch Verlag, 1972.<\/p>\n\n\n\n<p>von Lippmann, E O (1970). Der Zucker zur Zeit der Kreuzz\u00fcge. <em>Geschichte des \u01b5uckers: seit den \u00e4ltesten \u01b5eiten bis zum Beginn der R\u00fcbenzucker-Fabrikation<\/em>: 269\u2013323.<\/p>\n\n\n\n<p>Wander, K F W, Hg. <em>Deutsches Sprichw\u00f6rter-Lexikon<\/em>. Brockhaus, 1873.<\/p>\n\n\n\n<p>Wang, Y et al (2015). The protective effects of berry-derived anthocyanins against visible light-induced damage in human retinal pigment epithelial cells. <em>J. Sci. Food Agric<\/em>. 95:936\u2013944.<\/p>\n\n\n\n<p>Wilhelm, S. &amp; J E Sagen J E. A history of the strawberry from ancient gardens to modern markets. Agricultural Publ. <em>Univ. of California, Berkeley, <\/em>1974.<\/p>\n\n\n\n<p>Wilson, J D (1957). A Note on Richard III: the Bishop of Ely&#8217;s Strawberries. <em>The Modern Language Review<\/em>, <em>52<\/em>, 563.<\/p>\n\n\n\n<p>W\u00fcthrich, B (2014). History of food allergy. In: <em>History of Allergy<\/em> (Vol. 100, pp. 109\u2013119). Karger Publishers.<\/p>\n\n\n\n<p>Wuttke, A. <em>Der deutsche Volksaberglaube der Gegenwart<\/em>. Wiegand &amp; Grieben, 1869.<\/p>\n\n\n\n<p>Yeoman, V. (2017). Speaking plates: text, performance, and banqueting trenchers in Early Modern Europe. <em>Renaissance Studies<\/em>, <em>31<\/em>(5), 755-779.<\/p>\n\n\n\n<p>Zhang, J et al (2020). The high\u2010quality genome of diploid strawberry (Fragaria nilgerrensis) provides new insights into anthocyanin accumulation. <em>Plant biotechnology journal<\/em> 18.9: 1908\u20131924.<\/p>\n\n\n\n<p>Zhang Y et al (2008). Isolation and Identification of Strawberry Phenolics with Antioxidant and Human Cancer Cell Antiproliferative Properties. <em>J. Agric. Food Chem<\/em>. 56(3):670\u2013675.<\/p>\n","protected":false},"excerpt":{"rendered":"<p>Vom Goldenen Zeitalter und dem Paradies \u00fcber gro\u00dfe Gestalten der Mythologie und politische Intrigen bis zur Manus Christi und der Sehnsucht nach dem Erdbeermund spannt sich die Geschichte der Erdbeere, die seit der Steinzeit hocharomatischen Genuss, Gesundheit und Sch\u00f6nheit schenkt. &hellip; <a href=\"https:\/\/margot-fischer.net\/?page_id=1830\">Weiterlesen <span class=\"meta-nav\">&rarr;<\/span><\/a><\/p>\n","protected":false},"author":1,"featured_media":0,"parent":87,"menu_order":0,"comment_status":"closed","ping_status":"closed","template":"","meta":[],"_links":{"self":[{"href":"https:\/\/margot-fischer.net\/index.php?rest_route=\/wp\/v2\/pages\/1830"}],"collection":[{"href":"https:\/\/margot-fischer.net\/index.php?rest_route=\/wp\/v2\/pages"}],"about":[{"href":"https:\/\/margot-fischer.net\/index.php?rest_route=\/wp\/v2\/types\/page"}],"author":[{"embeddable":true,"href":"https:\/\/margot-fischer.net\/index.php?rest_route=\/wp\/v2\/users\/1"}],"replies":[{"embeddable":true,"href":"https:\/\/margot-fischer.net\/index.php?rest_route=%2Fwp%2Fv2%2Fcomments&post=1830"}],"version-history":[{"count":3,"href":"https:\/\/margot-fischer.net\/index.php?rest_route=\/wp\/v2\/pages\/1830\/revisions"}],"predecessor-version":[{"id":1834,"href":"https:\/\/margot-fischer.net\/index.php?rest_route=\/wp\/v2\/pages\/1830\/revisions\/1834"}],"up":[{"embeddable":true,"href":"https:\/\/margot-fischer.net\/index.php?rest_route=\/wp\/v2\/pages\/87"}],"wp:attachment":[{"href":"https:\/\/margot-fischer.net\/index.php?rest_route=%2Fwp%2Fv2%2Fmedia&parent=1830"}],"curies":[{"name":"wp","href":"https:\/\/api.w.org\/{rel}","templated":true}]}}