{"id":189,"date":"2012-10-16T19:33:03","date_gmt":"2012-10-16T17:33:03","guid":{"rendered":"http:\/\/margot-fischer.net\/?page_id=189"},"modified":"2012-10-16T19:33:03","modified_gmt":"2012-10-16T17:33:03","slug":"gebratene-huhnerbrust-mit-balsamico-eierschwammerln","status":"publish","type":"page","link":"https:\/\/margot-fischer.net\/?page_id=189","title":{"rendered":"Gebratene H\u00fchnerbrust mit Balsamico Eierschwammerln"},"content":{"rendered":"<p>   4 Portionen<\/p>\n<p>4 H\u00fchnerbr\u00fcste, 2 EL Butter, 1 Zweig Salbei, 250g kleine Eierschwammerl (Pfifferlinge), Balsamico Essig, 1 EL Butter, 125 ml Bratensaft, Salz, Pfeffer; Petersilie<\/p>\n<p>Eierschwammerl putzen. Die H\u00fchnerbr\u00fcste von Knochen befreien, die Haut abziehen. W\u00fcrzen. Die Butter aufsch\u00e4umen, Salbei beigeben, H\u00fchnerbr\u00fcste einlegen und bei kleiner Flamme braten.<\/p>\n<p>In einer weiteren Pfanne Butter aufsch\u00e4umen, Eierschwammerl anbraten, mit Salz und Pfeffer sowie Petersilie w\u00fcrzen. Mit Bratensaft aufgie\u00dfen und mit Balsamicoessig abschmecken.<\/p>\n","protected":false},"excerpt":{"rendered":"<p>4 Portionen 4 H\u00fchnerbr\u00fcste, 2 EL Butter, 1 Zweig Salbei, 250g kleine Eierschwammerl (Pfifferlinge), Balsamico Essig, 1 EL Butter, 125 ml Bratensaft, Salz, Pfeffer; Petersilie Eierschwammerl putzen. Die H\u00fchnerbr\u00fcste von Knochen befreien, die Haut abziehen. W\u00fcrzen. Die Butter aufsch\u00e4umen, Salbei &hellip; <a href=\"https:\/\/margot-fischer.net\/?page_id=189\">Weiterlesen <span class=\"meta-nav\">&rarr;<\/span><\/a><\/p>\n","protected":false},"author":1,"featured_media":0,"parent":180,"menu_order":0,"comment_status":"open","ping_status":"open","template":"","meta":[],"_links":{"self":[{"href":"https:\/\/margot-fischer.net\/index.php?rest_route=\/wp\/v2\/pages\/189"}],"collection":[{"href":"https:\/\/margot-fischer.net\/index.php?rest_route=\/wp\/v2\/pages"}],"about":[{"href":"https:\/\/margot-fischer.net\/index.php?rest_route=\/wp\/v2\/types\/page"}],"author":[{"embeddable":true,"href":"https:\/\/margot-fischer.net\/index.php?rest_route=\/wp\/v2\/users\/1"}],"replies":[{"embeddable":true,"href":"https:\/\/margot-fischer.net\/index.php?rest_route=%2Fwp%2Fv2%2Fcomments&post=189"}],"version-history":[{"count":1,"href":"https:\/\/margot-fischer.net\/index.php?rest_route=\/wp\/v2\/pages\/189\/revisions"}],"predecessor-version":[{"id":190,"href":"https:\/\/margot-fischer.net\/index.php?rest_route=\/wp\/v2\/pages\/189\/revisions\/190"}],"up":[{"embeddable":true,"href":"https:\/\/margot-fischer.net\/index.php?rest_route=\/wp\/v2\/pages\/180"}],"wp:attachment":[{"href":"https:\/\/margot-fischer.net\/index.php?rest_route=%2Fwp%2Fv2%2Fmedia&parent=189"}],"curies":[{"name":"wp","href":"https:\/\/api.w.org\/{rel}","templated":true}]}}