{"id":2,"date":"2012-08-18T17:41:37","date_gmt":"2012-08-18T17:41:37","guid":{"rendered":"http:\/\/wp11057762.wp371.webpack.hosteurope.de\/.margot-fischer.net\/?page_id=2"},"modified":"2014-03-16T04:15:58","modified_gmt":"2014-03-16T02:15:58","slug":"sample-page","status":"publish","type":"page","link":"https:\/\/margot-fischer.net\/?page_id=2","title":{"rendered":"Winnetou"},"content":{"rendered":"<p>Die Helden der Pr\u00e4rie \u2013 Was haben sie gegessen?<\/p>\n<p>Margot Fischer liefert die Antwort.<\/p>\n<p>Kindgerecht <a href=\"http:\/\/wp11057762.wp371.webpack.hosteurope.de\/.margot-fischer.net\/wp-content\/uploads\/2012\/08\/Cover_Winnetou.gif\"><img decoding=\"async\" loading=\"lazy\" class=\"alignleft size-full wp-image-85\" title=\"!Cover_Winnetou\" alt=\"\" src=\"http:\/\/wp11057762.wp371.webpack.hosteurope.de\/.margot-fischer.net\/wp-content\/uploads\/2012\/08\/Cover_Winnetou.gif\" width=\"180\" height=\"180\" srcset=\"https:\/\/margot-fischer.net\/wp-content\/uploads\/2012\/08\/Cover_Winnetou.gif 180w, https:\/\/margot-fischer.net\/wp-content\/uploads\/2012\/08\/Cover_Winnetou-150x150.gif 150w\" sizes=\"(max-width: 180px) 100vw, 180px\" \/><\/a>pr\u00e4sentiert die Ern\u00e4hrungswissenschafterin traditionelle Rezepte der amerikanischen Ureinwohner so, dass man sie auch nachkochen kann. Dazu gibt es Informationen zu den Pr\u00e4rie-Indianern, ihren Gebr\u00e4uchen rund ums Essen und zu den Zutaten. Der informative, ideenreiche und anregende Anhang macht dieses \u201eKochbuch\u201c zum idealen Begleiter f\u00fcr Eltern, die ihre Kinder mit Spa\u00df sinnvoll und aktiv besch\u00e4ftigen wollen. \u00dcber 100 Rezepte laden zum Nachkochen und Experimentieren ein. Auch spezielle Bed\u00fcrfnisse werden ber\u00fccksichtigt. So finden etwa Kinder, die kein Fleisch m\u00f6gen, zahlreiche vegetarische Gerichte und vegetarische Alternativen zu den Originalen.<\/p>\n<p>Zahlreiche Fotos beleben dieses Buch und zeigen unter anderem Kinder an der hei\u00dfen Grube, das Kr\u00e4utersammeln sowie das Aussehen der ausgefallenen Speisen und Zubereitungsmethoden. Informationsseiten entf\u00fchren in die Welt der Naturv\u00f6lker. Sie beschreiben verschiedene Aspekte des Lebens abseits der modernen Zivilisation, darunter die Kr\u00e4uterheilkunde und traditionelle Handwerkstechniken. Den Rezeptteil erg\u00e4nzt ein umfangreiches Glossar mit der kindgerechten Beschreibung aller im Buch verwendeten Lebensmittel aus ern\u00e4hrungsphysiologischer, kultureller und pharmakologischer Sicht. Abschlie\u00dfend gibt Margot Fischer Tipps zum Wildkr\u00e4utersammeln und eine Tipi-Bauanleitung, kulinarische Spiele wurden zu einer Geschmacksschule zusammengestellt. So l\u00e4sst sich Essen mit allen Sinnen erleben.<\/p>\n<p>&nbsp;<\/p>\n<p><a href=\"http:\/\/www.proverbis.at\/html\/fischer.html\" target=\"_self\">Margot Fischer<\/a><br \/>\nKochbuch, 128 Seiten, Flexicover<br \/>\nISBN 978-3-9502506-5-7<br \/>\nPreis: 24,90 \u20ac [A], 24,22 \u20ac [D], 42,70 sfr [CH]<\/p>\n<p><a href=\"http:\/\/www.proverbis.at\/html\/buecher7.html\">http:\/\/www.proverbis.at\/html\/buecher7.html<\/a><\/p>\n","protected":false},"excerpt":{"rendered":"<p>Die Helden der Pr\u00e4rie \u2013 Was haben sie gegessen? Margot Fischer liefert die Antwort. Kindgerecht pr\u00e4sentiert die Ern\u00e4hrungswissenschafterin traditionelle Rezepte der amerikanischen Ureinwohner so, dass man sie auch nachkochen kann. Dazu gibt es Informationen zu den Pr\u00e4rie-Indianern, ihren Gebr\u00e4uchen rund &hellip; <a href=\"https:\/\/margot-fischer.net\/?page_id=2\">Weiterlesen <span class=\"meta-nav\">&rarr;<\/span><\/a><\/p>\n","protected":false},"author":1,"featured_media":0,"parent":97,"menu_order":0,"comment_status":"closed","ping_status":"open","template":"","meta":[],"_links":{"self":[{"href":"https:\/\/margot-fischer.net\/index.php?rest_route=\/wp\/v2\/pages\/2"}],"collection":[{"href":"https:\/\/margot-fischer.net\/index.php?rest_route=\/wp\/v2\/pages"}],"about":[{"href":"https:\/\/margot-fischer.net\/index.php?rest_route=\/wp\/v2\/types\/page"}],"author":[{"embeddable":true,"href":"https:\/\/margot-fischer.net\/index.php?rest_route=\/wp\/v2\/users\/1"}],"replies":[{"embeddable":true,"href":"https:\/\/margot-fischer.net\/index.php?rest_route=%2Fwp%2Fv2%2Fcomments&post=2"}],"version-history":[{"count":13,"href":"https:\/\/margot-fischer.net\/index.php?rest_route=\/wp\/v2\/pages\/2\/revisions"}],"predecessor-version":[{"id":657,"href":"https:\/\/margot-fischer.net\/index.php?rest_route=\/wp\/v2\/pages\/2\/revisions\/657"}],"up":[{"embeddable":true,"href":"https:\/\/margot-fischer.net\/index.php?rest_route=\/wp\/v2\/pages\/97"}],"wp:attachment":[{"href":"https:\/\/margot-fischer.net\/index.php?rest_route=%2Fwp%2Fv2%2Fmedia&parent=2"}],"curies":[{"name":"wp","href":"https:\/\/api.w.org\/{rel}","templated":true}]}}