{"id":236,"date":"2012-10-19T10:15:35","date_gmt":"2012-10-19T08:15:35","guid":{"rendered":"http:\/\/margot-fischer.net\/?page_id=236"},"modified":"2013-09-20T17:32:17","modified_gmt":"2013-09-20T15:32:17","slug":"gratinierte-feigen-mit-mascarpone","status":"publish","type":"page","link":"https:\/\/margot-fischer.net\/?page_id=236","title":{"rendered":"Gratinierte Feigen mit Mascarpone und Pistazien"},"content":{"rendered":"<p>4 bis 6 Portionen<\/p>\n<p>12 frische Feigen<br \/>\nButter f\u00fcr die Form<br \/>\n2 EL Staubzucker<br \/>\n1 Prise gemahlener Zimt<br \/>\n250 ml Marsala<br \/>\n3 Eier<br \/>\n3 EL Zucker<br \/>\n250 g Mascarpone<br \/>\n50 g gehackte Pistazien<\/p>\n<p>Das Backrohr auf 180\u00b0C vorheizen.<br \/>\nDie Feigen halbieren und in eine gefettete, feuerfeste Form legen.<br \/>\nDen Staubzucker mit dem Zimt mischen und \u00fcber die Feigen sieben. Marsala dar\u00fcber tr\u00e4ufeln und die Feigen im Rohr 15 Minuten backen. Abk\u00fchlen lassen.<br \/>\nDas Eiwei\u00df steif schlagen, Dotter und Zucker schaumig r\u00fchren.<br \/>\nDen Mascarpone mit der Eigelbmasse mischen, sodann den Schnee unterheben.<br \/>\nDie Creme etwa 1 Stunde gut k\u00fchlen, danach dekorativ auf den Feigen verteilen und mit Pistazien bestreut servieren.<\/p>\n","protected":false},"excerpt":{"rendered":"<p>4 bis 6 Portionen 12 frische Feigen Butter f\u00fcr die Form 2 EL Staubzucker 1 Prise gemahlener Zimt 250 ml Marsala 3 Eier 3 EL Zucker 250 g Mascarpone 50 g gehackte Pistazien Das Backrohr auf 180\u00b0C vorheizen. Die Feigen &hellip; <a href=\"https:\/\/margot-fischer.net\/?page_id=236\">Weiterlesen <span class=\"meta-nav\">&rarr;<\/span><\/a><\/p>\n","protected":false},"author":1,"featured_media":0,"parent":156,"menu_order":0,"comment_status":"closed","ping_status":"open","template":"","meta":[],"_links":{"self":[{"href":"https:\/\/margot-fischer.net\/index.php?rest_route=\/wp\/v2\/pages\/236"}],"collection":[{"href":"https:\/\/margot-fischer.net\/index.php?rest_route=\/wp\/v2\/pages"}],"about":[{"href":"https:\/\/margot-fischer.net\/index.php?rest_route=\/wp\/v2\/types\/page"}],"author":[{"embeddable":true,"href":"https:\/\/margot-fischer.net\/index.php?rest_route=\/wp\/v2\/users\/1"}],"replies":[{"embeddable":true,"href":"https:\/\/margot-fischer.net\/index.php?rest_route=%2Fwp%2Fv2%2Fcomments&post=236"}],"version-history":[{"count":5,"href":"https:\/\/margot-fischer.net\/index.php?rest_route=\/wp\/v2\/pages\/236\/revisions"}],"predecessor-version":[{"id":311,"href":"https:\/\/margot-fischer.net\/index.php?rest_route=\/wp\/v2\/pages\/236\/revisions\/311"}],"up":[{"embeddable":true,"href":"https:\/\/margot-fischer.net\/index.php?rest_route=\/wp\/v2\/pages\/156"}],"wp:attachment":[{"href":"https:\/\/margot-fischer.net\/index.php?rest_route=%2Fwp%2Fv2%2Fmedia&parent=236"}],"curies":[{"name":"wp","href":"https:\/\/api.w.org\/{rel}","templated":true}]}}