{"id":290,"date":"2012-11-07T12:57:07","date_gmt":"2012-11-07T10:57:07","guid":{"rendered":"http:\/\/margot-fischer.net\/?page_id=290"},"modified":"2012-11-07T12:57:07","modified_gmt":"2012-11-07T10:57:07","slug":"weise-rubchensuppe-mit-rote-ruben-chips","status":"publish","type":"page","link":"https:\/\/margot-fischer.net\/?page_id=290","title":{"rendered":"Wei\u00dfe R\u00fcbchensuppe mit rote R\u00fcben Chips"},"content":{"rendered":"<p>500 g wei\u00dfe R\u00fcben<br \/>\n100 g mehlige Kartoffeln<br \/>\n4 Schalotten<br \/>\n4 EL Butter<br \/>\n1 Liter gute Gem\u00fcsesuppe<br \/>\nSalz, Pfeffer, 1 Prise frisch geriebene Muskatnuss<br \/>\n1 rote R\u00fcbe<br \/>\n200 g Cr\u00e8me fra\u00eeche<br \/>\n2 St\u00e4mmchen Thymian<\/p>\n<p>Schalotten abziehen und fein hacken. In der H\u00e4lfte der Butter glasig d\u00fcnsten.<br \/>\nR\u00fcben und Kartoffeln waschen, sch\u00e4len und in kleine W\u00fcrfel schneiden. Mit den Schalotten kurz mitd\u00fcnsten.<br \/>\nDie Gem\u00fcsesuppe zugie\u00dfen und etwa15 Minuten kochen.<br \/>\nDie rote R\u00fcbe sch\u00e4len und in hauchd\u00fcnne Scheiben schneiden. Die Scheiben mit K\u00fcchenpapier sorgf\u00e4ltig trocken tupfen und in der restlichen Butter knusprig braten. Die Chips auf K\u00fcchenpapier abtropfen lassen.<br \/>\nDie Suppe p\u00fcrieren. Cr\u00e8me fra\u00eeche unterr\u00fchren und mit Salz, Pfeffer sowie Muskatnuss abschmecken.<br \/>\nDie Thymianbl\u00e4ttchen von den Zweigen abstreifen und mit den Chips auf der Suppe verteilen. Sofort servieren.<\/p>\n","protected":false},"excerpt":{"rendered":"<p>500 g wei\u00dfe R\u00fcben 100 g mehlige Kartoffeln 4 Schalotten 4 EL Butter 1 Liter gute Gem\u00fcsesuppe Salz, Pfeffer, 1 Prise frisch geriebene Muskatnuss 1 rote R\u00fcbe 200 g Cr\u00e8me fra\u00eeche 2 St\u00e4mmchen Thymian Schalotten abziehen und fein hacken. In &hellip; <a href=\"https:\/\/margot-fischer.net\/?page_id=290\">Weiterlesen <span class=\"meta-nav\">&rarr;<\/span><\/a><\/p>\n","protected":false},"author":1,"featured_media":0,"parent":288,"menu_order":0,"comment_status":"open","ping_status":"open","template":"","meta":[],"_links":{"self":[{"href":"https:\/\/margot-fischer.net\/index.php?rest_route=\/wp\/v2\/pages\/290"}],"collection":[{"href":"https:\/\/margot-fischer.net\/index.php?rest_route=\/wp\/v2\/pages"}],"about":[{"href":"https:\/\/margot-fischer.net\/index.php?rest_route=\/wp\/v2\/types\/page"}],"author":[{"embeddable":true,"href":"https:\/\/margot-fischer.net\/index.php?rest_route=\/wp\/v2\/users\/1"}],"replies":[{"embeddable":true,"href":"https:\/\/margot-fischer.net\/index.php?rest_route=%2Fwp%2Fv2%2Fcomments&post=290"}],"version-history":[{"count":1,"href":"https:\/\/margot-fischer.net\/index.php?rest_route=\/wp\/v2\/pages\/290\/revisions"}],"predecessor-version":[{"id":291,"href":"https:\/\/margot-fischer.net\/index.php?rest_route=\/wp\/v2\/pages\/290\/revisions\/291"}],"up":[{"embeddable":true,"href":"https:\/\/margot-fischer.net\/index.php?rest_route=\/wp\/v2\/pages\/288"}],"wp:attachment":[{"href":"https:\/\/margot-fischer.net\/index.php?rest_route=%2Fwp%2Fv2%2Fmedia&parent=290"}],"curies":[{"name":"wp","href":"https:\/\/api.w.org\/{rel}","templated":true}]}}