{"id":476,"date":"2013-08-24T22:05:38","date_gmt":"2013-08-24T20:05:38","guid":{"rendered":"http:\/\/margot-fischer.net\/?page_id=476"},"modified":"2013-08-24T22:06:25","modified_gmt":"2013-08-24T20:06:25","slug":"birne-mit-frauenhaarfarn-und-frischkaese","status":"publish","type":"page","link":"https:\/\/margot-fischer.net\/?page_id=476","title":{"rendered":"Birne mit Frauenhaarfarn und Frischk\u00e4se"},"content":{"rendered":"<p>2 gro\u00dfe sehr reife Birnen<br \/>\n200 ml Orangensaft<br \/>\n1 Prise gemahlener Zimt<br \/>\n1 zarte Prise gemahlene Gew\u00fcrznelken<br \/>\n200 g Frischk\u00e4se<br \/>\n30 g Honig oder Zucker<br \/>\n1 Dotter<br \/>\n4 EL Obers (Sahne)<br \/>\n4 Frauenhaarfarnwedel<br \/>\n1 EL Zirbenn\u00fcsse oder Pignoli<br \/>\nEinige G\u00e4nsebl\u00fcmchen oder Vogelmierebl\u00fcten<\/p>\n<p>Zubereitung<br \/>\n1.\tHalbiere die Birnen und entferne das Kerngeh\u00e4use. sch\u00e4le die Fr\u00fcchte und lege sie sofort in den Orangensaft, damit sie nicht braun werden.<br \/>\n2.\tLasse Birnenh\u00e4lften im Orangensaft mit Zimt und Gew\u00fcrznelke einige Minuten ziehen.<br \/>\n3.\tMixe in der Zwischenzeit den Frischk\u00e4se mit Honig oder Zucker, Eidotter und Obers (Sahne) cremig.<br \/>\n4.\tHebe Birnenh\u00e4lften aus dem Orangensaft und setze sie mit der Schnittfl\u00e4che nach oben auf Dessertteller.<br \/>\n5.\tF\u00fclle den Frischk\u00e4se in die H\u00f6hlung, die das Kerngeh\u00e4use hinterlassen hat.<br \/>\n6.\tGie\u00dfe den Orangensaft rund um die Birnen.<br \/>\n7.\tLege die Frauenhaarfarnwedel auf den Frischk\u00e4se.<br \/>\n8.\tStreue die Zirbenn\u00fcsse oder Pignoli dar\u00fcber und dekoriere mit den G\u00e4nsebl\u00fcmchen.<\/p>\n<p>Variationen:<br \/>\nA.\tAnstelle der Birnen schmecken auch \u00c4pfel oder andere bef\u00fcllbare Obstsorten wie Pfirsich oder Pflaumen.<br \/>\nB.\tAn Stelle des Orangensaftes kannst du auch andere Fruchtsaftsorten verwenden.<br \/>\nC.\tSehr fein sind die Birnen auch in einer \u00fcberbackenen Version.<br \/>\nDaf\u00fcr heizt du das Backrohr auf 220\u00b0C mit Oberhitze auf.<br \/>\nDann streichst du mit deinem Backpinsel eine flache feuerfeste Form mit Butter oder \u00d6l aus.<br \/>\nIn diese Form legst du die Birnenh\u00e4lften, die du mit dem Frischk\u00e4se gef\u00fcllt hast.<br \/>\nGie\u00dfe den Orangensaft in die Form und streue die Zirbenn\u00fcsse oder Pignoli \u00fcber den Frischk\u00e4se.<br \/>\nDie Birnenh\u00e4lften \u00fcberb\u00e4ckst du 10 bis 15 Minuten bis die Oberfl\u00e4che zart braun ist.<br \/>\nHebe die Birnenh\u00e4lften auf Dessertteller. Tr\u00e4ufle den Saft rund um die Fr\u00fcchte und lege den Frauenhaarfarn sowie die Bl\u00fcten dazu. <\/p>\n","protected":false},"excerpt":{"rendered":"<p>2 gro\u00dfe sehr reife Birnen 200 ml Orangensaft 1 Prise gemahlener Zimt 1 zarte Prise gemahlene Gew\u00fcrznelken 200 g Frischk\u00e4se 30 g Honig oder Zucker 1 Dotter 4 EL Obers (Sahne) 4 Frauenhaarfarnwedel 1 EL Zirbenn\u00fcsse oder Pignoli Einige G\u00e4nsebl\u00fcmchen &hellip; <a href=\"https:\/\/margot-fischer.net\/?page_id=476\">Weiterlesen <span class=\"meta-nav\">&rarr;<\/span><\/a><\/p>\n","protected":false},"author":1,"featured_media":0,"parent":53,"menu_order":0,"comment_status":"closed","ping_status":"closed","template":"","meta":[],"_links":{"self":[{"href":"https:\/\/margot-fischer.net\/index.php?rest_route=\/wp\/v2\/pages\/476"}],"collection":[{"href":"https:\/\/margot-fischer.net\/index.php?rest_route=\/wp\/v2\/pages"}],"about":[{"href":"https:\/\/margot-fischer.net\/index.php?rest_route=\/wp\/v2\/types\/page"}],"author":[{"embeddable":true,"href":"https:\/\/margot-fischer.net\/index.php?rest_route=\/wp\/v2\/users\/1"}],"replies":[{"embeddable":true,"href":"https:\/\/margot-fischer.net\/index.php?rest_route=%2Fwp%2Fv2%2Fcomments&post=476"}],"version-history":[{"count":1,"href":"https:\/\/margot-fischer.net\/index.php?rest_route=\/wp\/v2\/pages\/476\/revisions"}],"predecessor-version":[{"id":478,"href":"https:\/\/margot-fischer.net\/index.php?rest_route=\/wp\/v2\/pages\/476\/revisions\/478"}],"up":[{"embeddable":true,"href":"https:\/\/margot-fischer.net\/index.php?rest_route=\/wp\/v2\/pages\/53"}],"wp:attachment":[{"href":"https:\/\/margot-fischer.net\/index.php?rest_route=%2Fwp%2Fv2%2Fmedia&parent=476"}],"curies":[{"name":"wp","href":"https:\/\/api.w.org\/{rel}","templated":true}]}}