{"id":530,"date":"2014-02-05T15:05:59","date_gmt":"2014-02-05T13:05:59","guid":{"rendered":"http:\/\/margot-fischer.net\/?page_id=530"},"modified":"2014-02-05T15:05:59","modified_gmt":"2014-02-05T13:05:59","slug":"wilde-blaetter-in-strudelteig","status":"publish","type":"page","link":"https:\/\/margot-fischer.net\/?page_id=530","title":{"rendered":"Wilde Bl\u00e4tter in Strudelteig"},"content":{"rendered":"<p>Sch\u00f6ne gr\u00f6\u00dfere Wildpflanzenbl\u00e4tter<br \/>\nStrudelteig oder Yufkateig<br \/>\nEi<br \/>\nK\u00e4se gerieben oder Topfen (Quark) mit etwas Salz<br \/>\nnach Belieben gehackte N\u00fcsse<br \/>\nBrennesselsamen, Barbarakrautsamen, L\u00f6ffelkrautsamen, &#8230;<br \/>\n\u00d6l<\/p>\n<p>Schneide den Teig je nach Gr\u00f6\u00dfe der Bl\u00e4tter in St\u00fccke, die auf jeder Seite etwa einen Finger breiter als die Bl\u00e4tter sind.<br \/>\nBestreiche die H\u00e4lfte der Teigst\u00fccke mit Eiklar.<br \/>\nVerteile die Bl\u00e4tter auf dem Teig.<br \/>\nStreue dar\u00fcber Reibk\u00e4se oder setze einen L\u00f6ffel Topfen darauf, f\u00fcge nach Wunsch N\u00fcsse oder Samen hinzu.<br \/>\nLege eine zweite Teigschicht dar\u00fcber und bestreiche sie mit Dotter.<br \/>\nBacke die Teigtaschen entweder in \u00d6l oder im Rohr bei 200\u00b0C etwa 15 Minuten goldbraun.<\/p>\n","protected":false},"excerpt":{"rendered":"<p>Sch\u00f6ne gr\u00f6\u00dfere Wildpflanzenbl\u00e4tter Strudelteig oder Yufkateig Ei K\u00e4se gerieben oder Topfen (Quark) mit etwas Salz nach Belieben gehackte N\u00fcsse Brennesselsamen, Barbarakrautsamen, L\u00f6ffelkrautsamen, &#8230; \u00d6l Schneide den Teig je nach Gr\u00f6\u00dfe der Bl\u00e4tter in St\u00fccke, die auf jeder Seite etwa einen &hellip; <a href=\"https:\/\/margot-fischer.net\/?page_id=530\">Weiterlesen <span class=\"meta-nav\">&rarr;<\/span><\/a><\/p>\n","protected":false},"author":1,"featured_media":0,"parent":53,"menu_order":0,"comment_status":"open","ping_status":"open","template":"","meta":[],"_links":{"self":[{"href":"https:\/\/margot-fischer.net\/index.php?rest_route=\/wp\/v2\/pages\/530"}],"collection":[{"href":"https:\/\/margot-fischer.net\/index.php?rest_route=\/wp\/v2\/pages"}],"about":[{"href":"https:\/\/margot-fischer.net\/index.php?rest_route=\/wp\/v2\/types\/page"}],"author":[{"embeddable":true,"href":"https:\/\/margot-fischer.net\/index.php?rest_route=\/wp\/v2\/users\/1"}],"replies":[{"embeddable":true,"href":"https:\/\/margot-fischer.net\/index.php?rest_route=%2Fwp%2Fv2%2Fcomments&post=530"}],"version-history":[{"count":1,"href":"https:\/\/margot-fischer.net\/index.php?rest_route=\/wp\/v2\/pages\/530\/revisions"}],"predecessor-version":[{"id":531,"href":"https:\/\/margot-fischer.net\/index.php?rest_route=\/wp\/v2\/pages\/530\/revisions\/531"}],"up":[{"embeddable":true,"href":"https:\/\/margot-fischer.net\/index.php?rest_route=\/wp\/v2\/pages\/53"}],"wp:attachment":[{"href":"https:\/\/margot-fischer.net\/index.php?rest_route=%2Fwp%2Fv2%2Fmedia&parent=530"}],"curies":[{"name":"wp","href":"https:\/\/api.w.org\/{rel}","templated":true}]}}