{"id":87,"date":"2012-08-24T19:56:00","date_gmt":"2012-08-24T17:56:00","guid":{"rendered":"http:\/\/wp11057762.wp371.webpack.hosteurope.de\/.margot-fischer.net\/?page_id=87"},"modified":"2025-02-26T13:44:02","modified_gmt":"2025-02-26T11:44:02","slug":"bucher","status":"publish","type":"page","link":"https:\/\/margot-fischer.net\/?page_id=87","title":{"rendered":"MEINE B\u00dcCHER"},"content":{"rendered":"\n<p><strong>Eine kleine Auswahl.<\/strong><\/p>\n\n\n\n<p>Mehr Informationen finden sich in den Einzelbeitr\u00e4gen und bei den \u00dcbersetzungen.<\/p>\n\n\n\n<p><strong>Die B\u00fccher sind im Buchhandel oder direkt beim Mandelbaum Verlag erh\u00e4ltlich.<\/strong><\/p>\n\n\n<div class=\"wp-block-image\">\n<figure class=\"alignleft size-large is-resized\"><img decoding=\"async\" loading=\"lazy\" src=\"http:\/\/margot-fischer.net\/wp-content\/uploads\/2019\/04\/WiPflEinsteiger2019-1-734x1024.jpg\" alt=\"\" class=\"wp-image-1277\" width=\"204\" height=\"289\"\/><\/figure><\/div>\n\n\n<div class=\"is-layout-constrained wp-block-group\"><div class=\"wp-block-group__inner-container\">\n<p><a style=\"text-align: left;\" href=\"http:\/\/margot-fischer.net\/wp-content\/uploads\/2014\/03\/WildeGen\u00fcsse3.jpg\"><img decoding=\"async\" loading=\"lazy\" class=\" size-medium wp-image-649 alignleft\" src=\"http:\/\/margot-fischer.net\/wp-content\/uploads\/2014\/03\/WildeGen\u00fcsse3-184x300.jpg\" alt=\"WildeGen\u00fcsse3\" width=\"184\" height=\"300\" srcset=\"https:\/\/margot-fischer.net\/wp-content\/uploads\/2014\/03\/WildeGen\u00fcsse3-184x300.jpg 184w, https:\/\/margot-fischer.net\/wp-content\/uploads\/2014\/03\/WildeGen\u00fcsse3-629x1024.jpg 629w, https:\/\/margot-fischer.net\/wp-content\/uploads\/2014\/03\/WildeGen\u00fcsse3.jpg 1181w\" sizes=\"(max-width: 184px) 100vw, 184px\" \/><\/a><a href=\"http:\/\/margot-fischer.net\/wp-content\/uploads\/2012\/08\/Bayou3.png\"><img decoding=\"async\" loading=\"lazy\" class=\" size-medium wp-image-623 alignleft\" src=\"http:\/\/margot-fischer.net\/wp-content\/uploads\/2012\/08\/Bayou3-192x300.png\" alt=\"Bayou3\" width=\"192\" height=\"300\" srcset=\"https:\/\/margot-fischer.net\/wp-content\/uploads\/2012\/08\/Bayou3-192x300.png 192w, https:\/\/margot-fischer.net\/wp-content\/uploads\/2012\/08\/Bayou3.png 215w\" sizes=\"(max-width: 192px) 100vw, 192px\" \/><\/a><a href=\"http:\/\/margot-fischer.net\/wp-content\/uploads\/2015\/09\/RoteR\u00fcbe-e1512293655876.jpg\"><img decoding=\"async\" loading=\"lazy\" class=\"size-medium wp-image-957 alignleft\" src=\"http:\/\/margot-fischer.net\/wp-content\/uploads\/2015\/09\/RoteR\u00fcbe-174x300.jpg\" alt=\"RoteR\u00fcbe\" width=\"174\" height=\"300\"\/><\/a><a href=\"http:\/\/margot-fischer.net\/wp-content\/uploads\/2018\/03\/Weichsel.jpg\"><img decoding=\"async\" loading=\"lazy\" class=\"alignleft size-medium wp-image-1222\" src=\"http:\/\/margot-fischer.net\/wp-content\/uploads\/2018\/03\/Weichsel-174x300.jpg\" alt=\"Weichsel\" width=\"174\" height=\"300\" srcset=\"https:\/\/margot-fischer.net\/wp-content\/uploads\/2018\/03\/Weichsel-174x300.jpg 174w, https:\/\/margot-fischer.net\/wp-content\/uploads\/2018\/03\/Weichsel-593x1024.jpg 593w, https:\/\/margot-fischer.net\/wp-content\/uploads\/2018\/03\/Weichsel.jpg 890w\" sizes=\"(max-width: 174px) 100vw, 174px\" \/><\/a><\/p>\n<p style=\"text-align: center;\"><a href=\"http:\/\/margot-fischer.net\/wp-content\/uploads\/2017\/11\/Mandel-e1512293462643.jpg\"><img decoding=\"async\" loading=\"lazy\" class=\" size-medium wp-image-1155 alignleft\" src=\"http:\/\/margot-fischer.net\/wp-content\/uploads\/2017\/11\/Mandel-174x300.jpg\" alt=\"Mandel\" width=\"174\" height=\"300\"\/><\/a><a href=\"http:\/\/margot-fischer.net\/wp-content\/uploads\/2016\/05\/Holunder_kl.jpg\"><img decoding=\"async\" loading=\"lazy\" class=\" size-medium wp-image-1003 alignleft\" src=\"http:\/\/margot-fischer.net\/wp-content\/uploads\/2016\/05\/Holunder_kl-174x300.jpg\" alt=\"Holunder_kl\" width=\"174\" height=\"300\" srcset=\"https:\/\/margot-fischer.net\/wp-content\/uploads\/2016\/05\/Holunder_kl-174x300.jpg 174w, https:\/\/margot-fischer.net\/wp-content\/uploads\/2016\/05\/Holunder_kl.jpg 350w\" sizes=\"(max-width: 174px) 100vw, 174px\" \/><\/a><\/p>\n<p style=\"text-align: left;\"><a href=\"http:\/\/margot-fischer.net\/wp-content\/uploads\/2018\/10\/Kakao.jpg\"><img decoding=\"async\" loading=\"lazy\" class=\"size-medium wp-image-1255 alignleft\" src=\"http:\/\/margot-fischer.net\/wp-content\/uploads\/2018\/10\/Kakao-174x300.jpg\" alt=\"Kakao\" width=\"174\" height=\"300\" srcset=\"https:\/\/margot-fischer.net\/wp-content\/uploads\/2018\/10\/Kakao-174x300.jpg 174w, https:\/\/margot-fischer.net\/wp-content\/uploads\/2018\/10\/Kakao-593x1024.jpg 593w, https:\/\/margot-fischer.net\/wp-content\/uploads\/2018\/10\/Kakao.jpg 890w\" sizes=\"(max-width: 174px) 100vw, 174px\" \/><\/a><a href=\"http:\/\/margot-fischer.net\/wp-content\/uploads\/2016\/05\/Pastinak-e1512293686202.jpg\"><img decoding=\"async\" loading=\"lazy\" class=\" size-medium wp-image-1006 alignleft\" src=\"http:\/\/margot-fischer.net\/wp-content\/uploads\/2016\/05\/Pastinak-174x300.jpg\" alt=\"Pastinak\" width=\"174\" height=\"300\"\/><\/a><\/p>\n\n\n\n<div class=\"wp-block-jetpack-tiled-gallery aligncenter is-style-rectangular\"><div class=\"tiled-gallery__gallery\"><div class=\"tiled-gallery__row\"><div class=\"tiled-gallery__col\" style=\"flex-basis:33.33333%\"><figure class=\"tiled-gallery__item\"><img decoding=\"async\" srcset=\"https:\/\/i2.wp.com\/margot-fischer.net\/wp-content\/uploads\/2024\/11\/Haselnuss-594x1024.jpg?strip=info&#038;w=600 600w,https:\/\/i2.wp.com\/margot-fischer.net\/wp-content\/uploads\/2024\/11\/Haselnuss-594x1024.jpg?strip=info&#038;w=900 900w,https:\/\/i2.wp.com\/margot-fischer.net\/wp-content\/uploads\/2024\/11\/Haselnuss-594x1024.jpg?strip=info&#038;w=1200 1200w,https:\/\/i2.wp.com\/margot-fischer.net\/wp-content\/uploads\/2024\/11\/Haselnuss-594x1024.jpg?strip=info&#038;w=1335 1335w\" alt=\"\" data-height=\"2303\" data-id=\"1803\" data-link=\"http:\/\/margot-fischer.net\/?attachment_id=1803\" data-url=\"http:\/\/margot-fischer.net\/wp-content\/uploads\/2024\/11\/Haselnuss-594x1024.jpg\" data-width=\"1335\" src=\"https:\/\/i2.wp.com\/margot-fischer.net\/wp-content\/uploads\/2024\/11\/Haselnuss-594x1024.jpg\" data-amp-layout=\"responsive\"\/><\/figure><\/div><div class=\"tiled-gallery__col\" style=\"flex-basis:33.33333%\"><figure class=\"tiled-gallery__item\"><img decoding=\"async\" srcset=\"https:\/\/i0.wp.com\/margot-fischer.net\/wp-content\/uploads\/2024\/11\/Himbeere-594x1024.jpg?strip=info&#038;w=600 600w,https:\/\/i0.wp.com\/margot-fischer.net\/wp-content\/uploads\/2024\/11\/Himbeere-594x1024.jpg?strip=info&#038;w=900 900w,https:\/\/i0.wp.com\/margot-fischer.net\/wp-content\/uploads\/2024\/11\/Himbeere-594x1024.jpg?strip=info&#038;w=1200 1200w,https:\/\/i0.wp.com\/margot-fischer.net\/wp-content\/uploads\/2024\/11\/Himbeere-594x1024.jpg?strip=info&#038;w=1335 1335w\" alt=\"\" data-height=\"2303\" data-id=\"1804\" data-link=\"http:\/\/margot-fischer.net\/?attachment_id=1804\" data-url=\"http:\/\/margot-fischer.net\/wp-content\/uploads\/2024\/11\/Himbeere-594x1024.jpg\" data-width=\"1335\" src=\"https:\/\/i0.wp.com\/margot-fischer.net\/wp-content\/uploads\/2024\/11\/Himbeere-594x1024.jpg\" data-amp-layout=\"responsive\"\/><\/figure><\/div><div class=\"tiled-gallery__col\" style=\"flex-basis:33.33333%\"><figure class=\"tiled-gallery__item\"><img decoding=\"async\" srcset=\"https:\/\/i0.wp.com\/margot-fischer.net\/wp-content\/uploads\/2024\/11\/Marille-594x1024.jpg?strip=info&#038;w=600 600w,https:\/\/i0.wp.com\/margot-fischer.net\/wp-content\/uploads\/2024\/11\/Marille-594x1024.jpg?strip=info&#038;w=900 900w,https:\/\/i0.wp.com\/margot-fischer.net\/wp-content\/uploads\/2024\/11\/Marille-594x1024.jpg?strip=info&#038;w=1200 1200w,https:\/\/i0.wp.com\/margot-fischer.net\/wp-content\/uploads\/2024\/11\/Marille-594x1024.jpg?strip=info&#038;w=1335 1335w\" alt=\"\" data-height=\"2303\" data-id=\"1805\" data-link=\"http:\/\/margot-fischer.net\/?attachment_id=1805\" data-url=\"http:\/\/margot-fischer.net\/wp-content\/uploads\/2024\/11\/Marille-594x1024.jpg\" data-width=\"1335\" src=\"https:\/\/i0.wp.com\/margot-fischer.net\/wp-content\/uploads\/2024\/11\/Marille-594x1024.jpg\" data-amp-layout=\"responsive\"\/><\/figure><\/div><\/div><\/div><\/div>\n<\/div><\/div>\n\n\n<div class=\"wp-block-image\">\n<figure class=\"alignright size-large is-resized\"><img decoding=\"async\" loading=\"lazy\" src=\"http:\/\/margot-fischer.net\/wp-content\/uploads\/2021\/11\/Mangold-594x1024.jpg\" alt=\"\" class=\"wp-image-1441\" width=\"181\" height=\"312\" srcset=\"https:\/\/margot-fischer.net\/wp-content\/uploads\/2021\/11\/Mangold-594x1024.jpg 594w, https:\/\/margot-fischer.net\/wp-content\/uploads\/2021\/11\/Mangold-174x300.jpg 174w, https:\/\/margot-fischer.net\/wp-content\/uploads\/2021\/11\/Mangold-768x1325.jpg 768w, https:\/\/margot-fischer.net\/wp-content\/uploads\/2021\/11\/Mangold-890x1536.jpg 890w, https:\/\/margot-fischer.net\/wp-content\/uploads\/2021\/11\/Mangold-1187x2048.jpg 1187w, https:\/\/margot-fischer.net\/wp-content\/uploads\/2021\/11\/Mangold.jpg 1335w\" sizes=\"(max-width: 181px) 100vw, 181px\" \/><\/figure><\/div>\n\n<div class=\"wp-block-image\">\n<figure class=\"alignright size-large is-resized\"><img decoding=\"async\" loading=\"lazy\" src=\"http:\/\/margot-fischer.net\/wp-content\/uploads\/2020\/03\/Johannisbeere-594x1024.jpg\" alt=\"\" class=\"wp-image-1305\" width=\"180\" height=\"317\"\/><\/figure><\/div>\n\n<div class=\"wp-block-image\">\n<figure class=\"aligncenter size-large is-resized\"><img decoding=\"async\" loading=\"lazy\" src=\"http:\/\/margot-fischer.net\/wp-content\/uploads\/2021\/02\/Thymian-593x1024.jpg\" alt=\"\" class=\"wp-image-1354\" width=\"187\" height=\"337\"\/><\/figure><\/div>\n\n<div class=\"wp-block-image\">\n<figure class=\"alignleft size-large is-resized\"><img decoding=\"async\" loading=\"lazy\" src=\"http:\/\/margot-fischer.net\/wp-content\/uploads\/2021\/11\/Rhabarber-593x1024.jpg\" alt=\"\" class=\"wp-image-1440\" width=\"165\" height=\"293\"\/><\/figure><\/div>\n\n\n<figure class=\"wp-block-image size-large is-resized\"><img decoding=\"async\" loading=\"lazy\" src=\"http:\/\/margot-fischer.net\/wp-content\/uploads\/2022\/06\/Banane-WEB.jpg\" alt=\"\" class=\"wp-image-1678\" width=\"182\" height=\"324\"\/><\/figure>\n\n\n\n<figure class=\"wp-block-image size-large is-resized\"><img decoding=\"async\" loading=\"lazy\" src=\"http:\/\/margot-fischer.net\/wp-content\/uploads\/2022\/06\/Heidelbeere-WEB.jpg\" alt=\"\" class=\"wp-image-1677\" width=\"157\" height=\"283\"\/><\/figure>\n\n\n\n<div class=\"is-layout-constrained wp-block-group\"><div class=\"wp-block-group__inner-container\">\n<figure class=\"wp-block-image size-large is-resized is-style-default\"><img decoding=\"async\" loading=\"lazy\" src=\"http:\/\/margot-fischer.net\/wp-content\/uploads\/2021\/02\/Walnuus-594x1024.jpg\" alt=\"\" class=\"wp-image-1351\" width=\"178\" height=\"323\"\/><\/figure>\n\n\n<\/div><\/div>\n","protected":false},"excerpt":{"rendered":"<p>Eine kleine Auswahl. Mehr Informationen finden sich in den Einzelbeitr\u00e4gen und bei den \u00dcbersetzungen. Die B\u00fccher sind im Buchhandel oder direkt beim Mandelbaum Verlag erh\u00e4ltlich.<\/p>\n","protected":false},"author":1,"featured_media":0,"parent":0,"menu_order":0,"comment_status":"closed","ping_status":"open","template":"","meta":[],"_links":{"self":[{"href":"https:\/\/margot-fischer.net\/index.php?rest_route=\/wp\/v2\/pages\/87"}],"collection":[{"href":"https:\/\/margot-fischer.net\/index.php?rest_route=\/wp\/v2\/pages"}],"about":[{"href":"https:\/\/margot-fischer.net\/index.php?rest_route=\/wp\/v2\/types\/page"}],"author":[{"embeddable":true,"href":"https:\/\/margot-fischer.net\/index.php?rest_route=\/wp\/v2\/users\/1"}],"replies":[{"embeddable":true,"href":"https:\/\/margot-fischer.net\/index.php?rest_route=%2Fwp%2Fv2%2Fcomments&post=87"}],"version-history":[{"count":26,"href":"https:\/\/margot-fischer.net\/index.php?rest_route=\/wp\/v2\/pages\/87\/revisions"}],"predecessor-version":[{"id":1825,"href":"https:\/\/margot-fischer.net\/index.php?rest_route=\/wp\/v2\/pages\/87\/revisions\/1825"}],"wp:attachment":[{"href":"https:\/\/margot-fischer.net\/index.php?rest_route=%2Fwp%2Fv2%2Fmedia&parent=87"}],"curies":[{"name":"wp","href":"https:\/\/api.w.org\/{rel}","templated":true}]}}